{"id":11270,"date":"2019-11-06T13:23:14","date_gmt":"2019-11-06T13:23:14","guid":{"rendered":"https:\/\/www.wasserbassin.com\/site\/?post_type=product&#038;p=11270"},"modified":"2025-06-30T00:11:02","modified_gmt":"2025-06-29T23:11:02","slug":"duassemicolcheiasinvertidas-parpar-duassemicolcheiasinvertidas-parpar-lp","status":"publish","type":"product","link":"https:\/\/www.wasserbassin.com\/site\/product\/duassemicolcheiasinvertidas-parpar-duassemicolcheiasinvertidas-parpar-lp\/","title":{"rendered":"dUASsEMIcOLCHEIASiNVERTIDAS \/ Parpar &#8211; dUASsEMIcOLCHEIASiNVERTIDAS \/ Parpar &#8211; LP"},"content":{"rendered":"<p>Split vinyl album between long time Enough Records collaborators <strong>dUASsEMIcOLCHEIASiNVERTIDAS<\/strong> and the duo <strong>Parpar<\/strong>, two Portuguese projects sharing tours and a sensibility for the punk-rock free jazz type of sounds.<\/p>\n<p>This album was recorded, mixed and mastered by Milo Gomberoff at Hukot studio in Barcelona. Cover artwork by Katafu. A co-release effort by ATR, A Besta, Lepers, Epicericords, Et Mon Cul C&#8217;est Du Tofu?, Experiment\u00e1culo Records, Gaffer Records, Panda Records and Enough Records.<\/p>\n<p><strong>Associa\u00e7\u00e3o Terap\u00eautica Do Ru\u00eddo\/A Besta\/Epicericords\/Gaffer Records\/Experiment\u00e1culo Records\/Et Mon Cul C&#8217;est Du Tofu?\/Panda Records\/Lepers Produtcions\/Enough Records<\/strong><\/p>\n","protected":false},"excerpt":{"rendered":"<p><strong>Associa\u00e7\u00e3o Terap\u00eautica Do Ru\u00eddo\/A Besta\/Epicericords\/Gaffer Records\/Experiment\u00e1culo Records\/Et Mon Cul C&#8217;est Du Tofu?\/Panda Records\/Lepers Produtcions\/Enough Records<\/strong><\/p>\n<hr \/>\n<p>Split vinyl album between long time Enough Records collaborators <strong>dUASsEMIcOLCHEIASiNVERTIDAS<\/strong> and the duo <strong>Parpar<\/strong>, two Portuguese projects sharing tours and a sensibility for the punk-rock free jazz type of sounds.<\/p>\n<p>This album was recorded, mixed and mastered by Milo Gomberoff at Hukot studio in Barcelona. Cover artwork by Katafu. A co-release effort by ATR, A Besta, Lepers, Epicericords, Et Mon Cul C&#8217;est Du Tofu?, Experiment\u00e1culo Records, Gaffer Records, Panda Records and Enough Records.<\/p>\n<p><a title=\"See the Video\" href=\"https:\/\/www.youtube.com\/watch?v=rPhF8jQlluM\" target=\"_blank\" rel=\"noopener noreferrer\">\u25ba CLICK HERE TO LISTEN<\/a><\/p>\n","protected":false},"featured_media":11275,"comment_status":"closed","ping_status":"closed","template":"","meta":[],"product_brand":[],"product_cat":[],"product_tag":[3110,3111],"class_list":{"0":"post-11270","1":"product","2":"type-product","3":"status-publish","4":"has-post-thumbnail","6":"product_tag-duassemicolcheiasinvertidas","7":"product_tag-parpar","8":"product_shipping_class-lp","9":"pa_artist-duassemicolcheiasinvertidas","10":"pa_artist-parpar","11":"pa_genre-experimental","12":"pa_genre-jazz","13":"pa_genre-noise","14":"pa_genre-punk","15":"pa_label-a-besta","16":"pa_label-associacao-terapeutica-do-ruido","17":"pa_label-enough-records","18":"pa_label-epicericords","19":"pa_label-et-mon-cul-cest-du-tofu","20":"pa_label-experimentaculo-records","21":"pa_label-gaffer-records","22":"pa_label-lepers-produtcions","23":"pa_label-panda-records","25":"first","26":"outofstock","27":"shipping-taxable","28":"purchasable","29":"product-type-simple"},"_links":{"self":[{"href":"https:\/\/www.wasserbassin.com\/site\/wp-json\/wp\/v2\/product\/11270","targetHints":{"allow":["GET"]}}],"collection":[{"href":"https:\/\/www.wasserbassin.com\/site\/wp-json\/wp\/v2\/product"}],"about":[{"href":"https:\/\/www.wasserbassin.com\/site\/wp-json\/wp\/v2\/types\/product"}],"replies":[{"embeddable":true,"href":"https:\/\/www.wasserbassin.com\/site\/wp-json\/wp\/v2\/comments?post=11270"}],"wp:featuredmedia":[{"embeddable":true,"href":"https:\/\/www.wasserbassin.com\/site\/wp-json\/wp\/v2\/media\/11275"}],"wp:attachment":[{"href":"https:\/\/www.wasserbassin.com\/site\/wp-json\/wp\/v2\/media?parent=11270"}],"wp:term":[{"taxonomy":"product_brand","embeddable":true,"href":"https:\/\/www.wasserbassin.com\/site\/wp-json\/wp\/v2\/product_brand?post=11270"},{"taxonomy":"product_cat","embeddable":true,"href":"https:\/\/www.wasserbassin.com\/site\/wp-json\/wp\/v2\/product_cat?post=11270"},{"taxonomy":"product_tag","embeddable":true,"href":"https:\/\/www.wasserbassin.com\/site\/wp-json\/wp\/v2\/product_tag?post=11270"}],"curies":[{"name":"wp","href":"https:\/\/api.w.org\/{rel}","templated":true}]}}