{"id":15272,"date":"2020-07-30T02:19:33","date_gmt":"2020-07-30T01:19:33","guid":{"rendered":"https:\/\/www.wasserbassin.com\/site\/?post_type=product&#038;p=15272"},"modified":"2025-03-23T01:46:05","modified_gmt":"2025-03-23T01:46:05","slug":"pedro-ayres-magalhaes-o-ocidente-infernal-adeus-torre-de-belem-12","status":"publish","type":"product","link":"https:\/\/www.wasserbassin.com\/site\/product\/pedro-ayres-magalhaes-o-ocidente-infernal-adeus-torre-de-belem-12\/","title":{"rendered":"Pedro Ayres Magalh\u00e3es &#8211; O Ocidente Infernal \/ Adeus Torre De Bel\u00e9m &#8211; 12&#8243;"},"content":{"rendered":"<p>It was more or less between the twilight of Her\u00f3is Do Mar of and the dawn of Madredeus, that <strong>Pedro Ayres Magalh\u00e3es<\/strong> produced, \u201c<strong>O Ocidente Infernal \/ Adeus Torre De Bel\u00e9m<\/strong>\u201d, a 1985\u2019s maxi-single, issued by <strong>Funda\u00e7\u00e3o Atl\u00e2ntica<\/strong> and <strong>EMI<\/strong>.<\/p>\n<p>This rare sonic <em>delicatessen<\/em>, now repressed by <strong>Warner Music Portugal<\/strong>, shows us <strong>PAM <\/strong>exploring minimal and repetitive beats, \u00a0carefully blended with post-punk experimentalism.<\/p>\n<p>A small but eternal delight, indeed!<\/p>\n<p><strong>Warner Music Portugal<br \/>\n<\/strong><\/p>\n","protected":false},"excerpt":{"rendered":"<p><strong>Warner Music Portugal<br \/>\n<\/strong><\/p>\n<hr \/>\n<p>It was more or less between the twilight of Her\u00f3is Do Mar of and the dawn of Madredeus, that <strong>Pedro Ayres Magalh\u00e3es<\/strong> produced, \u201c<strong>O Ocidente Infernal \/ Adeus Torre De Bel\u00e9m<\/strong>\u201d, a 1985\u2019s maxi-single, issued by <strong>Funda\u00e7\u00e3o Atl\u00e2ntica<\/strong> and <strong>EMI<\/strong>.<\/p>\n<p>This rare sonic <em>delicatessen<\/em>, now repressed by <strong>Warner Music Portugal<\/strong>, shows us <strong>PAM <\/strong>exploring minimal and repetitive beats, \u00a0carefully blended with post-punk experimentalism.<\/p>\n<p>A small but eternal delight, indeed!<\/p>\n<p class=\"p1\"><a title=\"See the Video\" href=\"https:\/\/www.youtube.com\/watch?v=ddXAiICoak0\" target=\"_blank\" rel=\"noopener noreferrer\">\u25ba CLICK HERE TO LISTEN<\/a><\/p>\n","protected":false},"featured_media":15267,"comment_status":"closed","ping_status":"closed","template":"","meta":[],"product_brand":[],"product_cat":[],"product_tag":[3414,3415],"class_list":{"0":"post-15272","1":"product","2":"type-product","3":"status-publish","4":"has-post-thumbnail","6":"product_tag-pedro-ayres-magalhaes","7":"product_tag-warner-music-portugal","8":"product_shipping_class-lp","9":"pa_artist-pedro-ayres-magalhaes","10":"pa_genre-experimental","11":"pa_genre-minimal","12":"pa_genre-post-punk","13":"pa_label-warner-music-portugal","15":"first","16":"outofstock","17":"shipping-taxable","18":"purchasable","19":"product-type-simple"},"_links":{"self":[{"href":"https:\/\/www.wasserbassin.com\/site\/wp-json\/wp\/v2\/product\/15272","targetHints":{"allow":["GET"]}}],"collection":[{"href":"https:\/\/www.wasserbassin.com\/site\/wp-json\/wp\/v2\/product"}],"about":[{"href":"https:\/\/www.wasserbassin.com\/site\/wp-json\/wp\/v2\/types\/product"}],"replies":[{"embeddable":true,"href":"https:\/\/www.wasserbassin.com\/site\/wp-json\/wp\/v2\/comments?post=15272"}],"wp:featuredmedia":[{"embeddable":true,"href":"https:\/\/www.wasserbassin.com\/site\/wp-json\/wp\/v2\/media\/15267"}],"wp:attachment":[{"href":"https:\/\/www.wasserbassin.com\/site\/wp-json\/wp\/v2\/media?parent=15272"}],"wp:term":[{"taxonomy":"product_brand","embeddable":true,"href":"https:\/\/www.wasserbassin.com\/site\/wp-json\/wp\/v2\/product_brand?post=15272"},{"taxonomy":"product_cat","embeddable":true,"href":"https:\/\/www.wasserbassin.com\/site\/wp-json\/wp\/v2\/product_cat?post=15272"},{"taxonomy":"product_tag","embeddable":true,"href":"https:\/\/www.wasserbassin.com\/site\/wp-json\/wp\/v2\/product_tag?post=15272"}],"curies":[{"name":"wp","href":"https:\/\/api.w.org\/{rel}","templated":true}]}}