{"id":15476,"date":"2020-10-20T19:26:33","date_gmt":"2020-10-20T18:26:33","guid":{"rendered":"https:\/\/www.wasserbassin.com\/site\/?post_type=product&#038;p=15476"},"modified":"2020-10-20T19:29:57","modified_gmt":"2020-10-20T18:29:57","slug":"andre-tavares-diogo-seixas-lopes-arquivo-diogo-seixas-lopes-livro-book","status":"publish","type":"product","link":"https:\/\/www.wasserbassin.com\/site\/product\/andre-tavares-diogo-seixas-lopes-arquivo-diogo-seixas-lopes-livro-book\/","title":{"rendered":"Andr\u00e9 Tavares, Diogo Seixas Lopes &#8211; Arquivo Diogo Seixas Lopes &#8211; Livro (Book)"},"content":{"rendered":"<p>Este livro re\u00fane a obra escrita de <strong>Diogo Seixas Lopes<\/strong> (1972-2016). \u00c9 um arquivo aberto que preserva a produ\u00e7\u00e3o textual de um arquitecto convicto do imperativo \u00e9tico do pensamento, da necessidade de o enunciar e do prazer em escutar as ideias de outros para estabelecer di\u00e1logos intelectuais. A compila\u00e7\u00e3o tem como objectivo tornar acess\u00edvel um trabalho at\u00e9 agora disperso em v\u00e1rios suportes e contextos, na expectativa que a sua consulta possa estimular a reflex\u00e3o cr\u00edtica e dar um novo folego ao trabalho de descoberta e rumina\u00e7\u00e3o de ideias que <strong>Seixas Lopes<\/strong> empreendeu.<\/p>\n<p><strong>Dafne<\/strong><\/p>\n<p>&nbsp;<\/p>\n<p>&nbsp;<\/p>\n","protected":false},"excerpt":{"rendered":"<p><strong>Dafne<\/strong><\/p>\n<hr \/>\n<p>Este livro re\u00fane a obra escrita de <strong>Diogo Seixas Lopes<\/strong> (1972-2016). \u00c9 um arquivo aberto que preserva a produ\u00e7\u00e3o textual de um arquitecto convicto do imperativo \u00e9tico do pensamento, da necessidade de o enunciar e do prazer em escutar as ideias de outros para estabelecer di\u00e1logos intelectuais. A compila\u00e7\u00e3o tem como objectivo tornar acess\u00edvel um trabalho at\u00e9 agora disperso em v\u00e1rios suportes e contextos, na expectativa que a sua consulta possa estimular a reflex\u00e3o cr\u00edtica e dar um novo folego ao trabalho de descoberta e rumina\u00e7\u00e3o de ideias que <strong>Seixas Lopes<\/strong> empreendeu.<\/p>\n<p>&nbsp;<\/p>\n<p>&nbsp;<\/p>\n<p>&nbsp;<\/p>\n<p>&nbsp;<\/p>\n","protected":false},"featured_media":15471,"comment_status":"closed","ping_status":"closed","template":"","meta":[],"product_brand":[],"product_cat":[41],"product_tag":[983,980,3509],"class_list":{"0":"post-15476","1":"product","2":"type-product","3":"status-publish","4":"has-post-thumbnail","6":"product_cat-books","7":"product_tag-andre-tavares","8":"product_tag-dafne","9":"product_tag-diogo-seixas-lopes","10":"product_shipping_class-bookks","11":"pa_artist-andre-tavares","12":"pa_artist-diogo-seixas-lopes","13":"pa_genre-architecture","14":"pa_label-dafne","16":"first","17":"instock","18":"shipping-taxable","19":"purchasable","20":"product-type-simple"},"_links":{"self":[{"href":"https:\/\/www.wasserbassin.com\/site\/wp-json\/wp\/v2\/product\/15476","targetHints":{"allow":["GET"]}}],"collection":[{"href":"https:\/\/www.wasserbassin.com\/site\/wp-json\/wp\/v2\/product"}],"about":[{"href":"https:\/\/www.wasserbassin.com\/site\/wp-json\/wp\/v2\/types\/product"}],"replies":[{"embeddable":true,"href":"https:\/\/www.wasserbassin.com\/site\/wp-json\/wp\/v2\/comments?post=15476"}],"wp:featuredmedia":[{"embeddable":true,"href":"https:\/\/www.wasserbassin.com\/site\/wp-json\/wp\/v2\/media\/15471"}],"wp:attachment":[{"href":"https:\/\/www.wasserbassin.com\/site\/wp-json\/wp\/v2\/media?parent=15476"}],"wp:term":[{"taxonomy":"product_brand","embeddable":true,"href":"https:\/\/www.wasserbassin.com\/site\/wp-json\/wp\/v2\/product_brand?post=15476"},{"taxonomy":"product_cat","embeddable":true,"href":"https:\/\/www.wasserbassin.com\/site\/wp-json\/wp\/v2\/product_cat?post=15476"},{"taxonomy":"product_tag","embeddable":true,"href":"https:\/\/www.wasserbassin.com\/site\/wp-json\/wp\/v2\/product_tag?post=15476"}],"curies":[{"name":"wp","href":"https:\/\/api.w.org\/{rel}","templated":true}]}}