{"id":17462,"date":"2022-07-18T00:29:48","date_gmt":"2022-07-17T23:29:48","guid":{"rendered":"https:\/\/www.wasserbassin.com\/site\/?post_type=product&#038;p=17462"},"modified":"2022-07-18T00:35:50","modified_gmt":"2022-07-17T23:35:50","slug":"filipa-de-castro-guerreiro-colonias-agricolas-livro-book","status":"publish","type":"product","link":"https:\/\/www.wasserbassin.com\/site\/product\/filipa-de-castro-guerreiro-colonias-agricolas-livro-book\/","title":{"rendered":"Filipa de Castro Guerreiro &#8211; Col\u00f3nias Agr\u00edcolas &#8211; Livro (Book)"},"content":{"rendered":"<div class=\"description\">\n<p>As sete col\u00f3nias agr\u00edcolas, constru\u00eddas em Portugal entre 1936 e 1960, tinham como objectivo fixar popula\u00e7\u00e3o e reorganizar a propriedade agr\u00edcola: emparcelar no Norte, parcelar no Sul. Atrav\u00e9s da interven\u00e7\u00e3o nos baldios, grandes propriedades de sequeiro do Sul e terrenos do Estado, a ambi\u00e7\u00e3o era aumentar a produtividade e promover a transforma\u00e7\u00e3o dos trabalhadores agr\u00edcolas em pequenos propriet\u00e1rios. Neste processo, os arquitectos participaram ultrapassando o campo habitual da sua ac\u00e7\u00e3o, contribuindo para uma constru\u00e7\u00e3o interdisciplinar da casa, dos assentamentos e do territ\u00f3rio.<br \/>\nRevisitar a experi\u00eancia das col\u00f3nias agr\u00edcolas da Junta de Coloniza\u00e7\u00e3o Interna, al\u00e9m de expor as suas contradi\u00e7\u00f5es, permite pensar em aspectos fundamentais do presente, desde as rela\u00e7\u00f5es entre paisagem, constru\u00e7\u00e3o, agricultura e economia at\u00e9 \u00e0 racionalidade das solu\u00e7\u00f5es de projecto e \u00e0 economia de meios, passando pela capacidade do desenho das formas arquitect\u00f3nicas para definir articula\u00e7\u00f5es entre as v\u00e1rias escalas do territ\u00f3rio e a sua organiza\u00e7\u00e3o social.<\/p>\n<p>Este livro estrutura-se em tr\u00eas partes. A primeira contextualiza a forma\u00e7\u00e3o e os objectivos da JCI e sistematiza informa\u00e7\u00f5es sobre a localiza\u00e7\u00e3o, a hist\u00f3ria e a cronologia de cada col\u00f3nia constru\u00edda. Nas sete col\u00f3nias agr\u00edcolas, Milagres em Leiria, Martim Rei no Sabugal, Peg\u00f5es no Montijo, Gafanha em \u00cdlhavo, Barroso em Montalegre e Boticas, Alv\u00e3o em Vila Pouca de Aguiar e Boalhosa em Paredes de Coura, foram constru\u00eddos 512 casais \u2014 constitu\u00eddos pela habita\u00e7\u00e3o, instala\u00e7\u00f5es agr\u00edcolas e terrenos de cultivo \u2014 e um conjunto significativo de equipamentos de assist\u00eancia t\u00e9cnica, religiosa, m\u00e9dica, social e escolar. Na segunda parte, defende-se que a chave para a leitura da diversidade de express\u00f5es arquitect\u00f3nicas e de estruturas de povoamento decorre n\u00e3o s\u00f3 de uma metodologia de projecto que atendeu \u00e0 geografia local, mas sobretudo do longo e conturbado per\u00edodo de gesta\u00e7\u00e3o em que as obras foram projectadas e constru\u00eddas. A estrutura desta segunda parte, organizada em quatro cap\u00edtulos em sequ\u00eancia cronol\u00f3gica, \u00e9 constru\u00edda sobre a hip\u00f3tese de leitura do objecto. \u00c9 poss\u00edvel circunscrever o programa colonizador da JCI em quatro \u00abmomentos\u00bb cujas din\u00e2micas pr\u00f3prias tiveram consequ\u00eancias na sua tradu\u00e7\u00e3o arquitect\u00f3nica. A ideia de \u00abmomento\u00bb \u00e9 importante, porque os seus limites n\u00e3o se prendem necessariamente com per\u00edodos temporais ou marcos hist\u00f3ricos definidos, mas antes com espa\u00e7os de tempo delimitados por determinados contextos e circunst\u00e2ncias \u2014objectivos, programas, vis\u00f5es, press\u00f5es e dificuldades\u2014 que tiveram consequ\u00eancias directas na arquitectura. Na terceira parte identificam-se os princ\u00edpios e dispositivos que se repetem no conjunto das sete col\u00f3nias, assim como os elementos que n\u00e3o s\u00f3 introduzem legibilidade, mas tamb\u00e9m permitem reconhecer uma identidade comum. S\u00e3o enunciadas quest\u00f5es relativas \u00e0 inscri\u00e7\u00e3o deste conjunto de interven\u00e7\u00f5es na cultura dos espa\u00e7os urbanos portugueses e do seu poss\u00edvel contributo para o exerc\u00edcio contempor\u00e2neo do projecto e para a estrutura\u00e7\u00e3o do territ\u00f3rio.<\/p>\n<p><strong>Dafne<br \/>\n<\/strong><\/div>\n","protected":false},"excerpt":{"rendered":"<p><strong>Dafne<br \/>\n<\/strong><\/p>\n<hr \/>\n<p>As sete col\u00f3nias agr\u00edcolas, constru\u00eddas em Portugal entre 1936 e 1960, tinham como objectivo fixar popula\u00e7\u00e3o e reorganizar a propriedade agr\u00edcola: emparcelar no Norte, parcelar no Sul. Atrav\u00e9s da interven\u00e7\u00e3o nos baldios, grandes propriedades de sequeiro do Sul e terrenos do Estado, a ambi\u00e7\u00e3o era aumentar a produtividade e promover a transforma\u00e7\u00e3o dos trabalhadores agr\u00edcolas em pequenos propriet\u00e1rios.<\/p>\n<p>&nbsp;<\/p>\n<p>&nbsp;<\/p>\n<p class=\"p1\"><strong>\u00a0<\/strong><\/p>\n","protected":false},"featured_media":17463,"comment_status":"closed","ping_status":"closed","template":"","meta":[],"product_brand":[],"product_cat":[],"product_tag":[980,4197],"class_list":{"0":"post-17462","1":"product","2":"type-product","3":"status-publish","4":"has-post-thumbnail","6":"product_tag-dafne","7":"product_tag-filipa-de-castro-guerreiro","8":"product_shipping_class-bookks","9":"pa_artist-filipa-de-castro-guerreiro","10":"pa_genre-architecture","11":"pa_label-dafne","13":"first","14":"instock","15":"shipping-taxable","16":"purchasable","17":"product-type-simple"},"_links":{"self":[{"href":"https:\/\/www.wasserbassin.com\/site\/wp-json\/wp\/v2\/product\/17462","targetHints":{"allow":["GET"]}}],"collection":[{"href":"https:\/\/www.wasserbassin.com\/site\/wp-json\/wp\/v2\/product"}],"about":[{"href":"https:\/\/www.wasserbassin.com\/site\/wp-json\/wp\/v2\/types\/product"}],"replies":[{"embeddable":true,"href":"https:\/\/www.wasserbassin.com\/site\/wp-json\/wp\/v2\/comments?post=17462"}],"wp:featuredmedia":[{"embeddable":true,"href":"https:\/\/www.wasserbassin.com\/site\/wp-json\/wp\/v2\/media\/17463"}],"wp:attachment":[{"href":"https:\/\/www.wasserbassin.com\/site\/wp-json\/wp\/v2\/media?parent=17462"}],"wp:term":[{"taxonomy":"product_brand","embeddable":true,"href":"https:\/\/www.wasserbassin.com\/site\/wp-json\/wp\/v2\/product_brand?post=17462"},{"taxonomy":"product_cat","embeddable":true,"href":"https:\/\/www.wasserbassin.com\/site\/wp-json\/wp\/v2\/product_cat?post=17462"},{"taxonomy":"product_tag","embeddable":true,"href":"https:\/\/www.wasserbassin.com\/site\/wp-json\/wp\/v2\/product_tag?post=17462"}],"curies":[{"name":"wp","href":"https:\/\/api.w.org\/{rel}","templated":true}]}}