{"id":17497,"date":"2022-07-25T15:12:01","date_gmt":"2022-07-25T14:12:01","guid":{"rendered":"https:\/\/www.wasserbassin.com\/site\/?post_type=product&#038;p=17497"},"modified":"2023-08-21T23:09:00","modified_gmt":"2023-08-21T22:09:00","slug":"sensible-soccers-carlos-maria-trindade-fornelo-tapes-vol-2-ep","status":"publish","type":"product","link":"https:\/\/www.wasserbassin.com\/site\/product\/sensible-soccers-carlos-maria-trindade-fornelo-tapes-vol-2-ep\/","title":{"rendered":"Sensible Soccers + Carlos Maria Trindade &#8211; Fornelo Tapes Vol.2 &#8211; EP"},"content":{"rendered":"<p><strong>Esfera<\/strong> \u00e9 um projeto com dire\u00e7\u00e3o e curadoria de Andr\u00e9 Tentugal e Henrique Amaro que foi desenvolvido no sentido de criar solu\u00e7\u00f5es de grava\u00e7\u00e3o, edi\u00e7\u00e3o e comunica\u00e7\u00e3o de novos fonogramas, promovendo tamb\u00e9m a proximidade entre m\u00fasicos que, em muitos casos, nunca antes tinham trabalhado juntos.<\/p>\n<p>Para cumprir este objetivo, foi desenhado um plano que contempla v\u00e1rias etapas entre grava\u00e7\u00e3o, mistura e masteriza\u00e7\u00e3o de temas desenvolvidas num processo de resid\u00eancia art\u00edstica no Est\u00fadio Arda Recorders (Campanh\u00e3, Porto) durante 3 dias.<\/p>\n<p>Com a premissa de juntar nomes da m\u00fasica portuguesa que ainda n\u00e3o se tinham encontrado em est\u00fadio, participam deste projeto artistas de v\u00e1rios quadrantes e g\u00e9neros do universo musical nacional, representando a qualidade e diversidade que pretendem marcar o <strong>Esfera<\/strong>: <strong>Miramar<\/strong> (dupla que junta <strong>Frankie Chavez<\/strong> e <strong>Peixe<\/strong>) com <strong>JP Sim\u00f5es<\/strong>, <strong>Sensible Soccers<\/strong> com <strong>Carlos Maria Trindade<\/strong>, os <strong>M\u00e3o Morta<\/strong> com <strong>Pedro Sousa<\/strong>, <strong>Joana Gama<\/strong> com Angelica Salvi, <strong>Adolfo Lux\u00faria Canibal<\/strong> e <strong>Haarvol<\/strong>, <strong>Manel Cruz<\/strong> com <strong>Miguel Ramos<\/strong> e <strong>Andr\u00e9 Tentugal<\/strong>.<\/p>\n<p>O resultado destes encontros em est\u00fadio foi a grava\u00e7\u00e3o de 2 ou mais temas in\u00e9ditos de cada um dos grupos de artistas<span class=\"bcTruncateMore\">. Terminado o processo criativo em est\u00fadio e de tratamento de som, \u00e9 agora editada uma cole\u00e7\u00e3o com todas as grava\u00e7\u00f5es. <\/span><\/p>\n<p><strong>Esfera<br \/>\n<\/strong><\/p>\n","protected":false},"excerpt":{"rendered":"<p class=\"p1\"><strong>Esfera<br \/>\n<\/strong><\/p>\n<hr \/>\n<p><strong>Nota \/ Note: Uma c\u00f3pia por cliente \/ One copy per customer!!!<\/strong><\/p>\n<p>Com a premissa de juntar nomes da m\u00fasica portuguesa que ainda n\u00e3o se tinham encontrado em est\u00fadio, participam deste projeto artistas de v\u00e1rios quadrantes e g\u00e9neros do universo musical nacional, representando a qualidade e diversidade que pretendem marcar o <strong>Esfera<\/strong>: <strong>Miramar<\/strong> (dupla que junta <strong>Frankie Chavez<\/strong> e <strong>Peixe<\/strong>) com <strong>JP Sim\u00f5es<\/strong>, <strong>Sensible Soccers<\/strong> com <strong>Carlos Maria Trindade<\/strong>, os <strong>M\u00e3o Morta<\/strong> com <strong>Pedro Sousa<\/strong>, <strong>Joana Gama<\/strong> com Angelica Salvi, <strong>Adolfo Lux\u00faria Canibal<\/strong> e <strong>Haarvol<\/strong>, <strong>Manel Cruz<\/strong> com <strong>Miguel Ramos<\/strong> e <strong>Andr\u00e9 Tentugal<\/strong>.<\/p>\n<p>O resultado destes encontros em est\u00fadio foi a grava\u00e7\u00e3o de 2 ou mais temas in\u00e9ditos de cada um dos grupos de artistas<span class=\"bcTruncateMore\">. Terminado o processo criativo em est\u00fadio e de tratamento de som, \u00e9 agora editada uma cole\u00e7\u00e3o com todas as grava\u00e7\u00f5es. <\/span><\/p>\n<p><a href=\"https:\/\/www.youtube.com\/watch?v=_y329y8XCns&amp;ab_channel=SensibleSoccers\" target=\"_blank\" rel=\"noopener noreferrer\">\u25ba CLICK HERE TO LISTEN<\/a><\/p>\n<p class=\"p1\"><strong>\u00a0<\/strong><\/p>\n","protected":false},"featured_media":17495,"comment_status":"closed","ping_status":"closed","template":"","meta":[],"product_brand":[],"product_cat":[],"product_tag":[2261,4217,168],"class_list":{"0":"post-17497","1":"product","2":"type-product","3":"status-publish","4":"has-post-thumbnail","6":"product_tag-carlos-maria-trindade","7":"product_tag-esfera","8":"product_tag-sensible-soccers","9":"product_shipping_class-lp","10":"pa_artist-carlos-maria-trindade","11":"pa_artist-sensible_soccers","12":"pa_genre-electronics","13":"pa_genre-modern-classical","14":"pa_genre-new_age","15":"pa_label-esfera","17":"first","18":"outofstock","19":"shipping-taxable","20":"purchasable","21":"product-type-simple"},"_links":{"self":[{"href":"https:\/\/www.wasserbassin.com\/site\/wp-json\/wp\/v2\/product\/17497","targetHints":{"allow":["GET"]}}],"collection":[{"href":"https:\/\/www.wasserbassin.com\/site\/wp-json\/wp\/v2\/product"}],"about":[{"href":"https:\/\/www.wasserbassin.com\/site\/wp-json\/wp\/v2\/types\/product"}],"replies":[{"embeddable":true,"href":"https:\/\/www.wasserbassin.com\/site\/wp-json\/wp\/v2\/comments?post=17497"}],"wp:featuredmedia":[{"embeddable":true,"href":"https:\/\/www.wasserbassin.com\/site\/wp-json\/wp\/v2\/media\/17495"}],"wp:attachment":[{"href":"https:\/\/www.wasserbassin.com\/site\/wp-json\/wp\/v2\/media?parent=17497"}],"wp:term":[{"taxonomy":"product_brand","embeddable":true,"href":"https:\/\/www.wasserbassin.com\/site\/wp-json\/wp\/v2\/product_brand?post=17497"},{"taxonomy":"product_cat","embeddable":true,"href":"https:\/\/www.wasserbassin.com\/site\/wp-json\/wp\/v2\/product_cat?post=17497"},{"taxonomy":"product_tag","embeddable":true,"href":"https:\/\/www.wasserbassin.com\/site\/wp-json\/wp\/v2\/product_tag?post=17497"}],"curies":[{"name":"wp","href":"https:\/\/api.w.org\/{rel}","templated":true}]}}