{"id":17934,"date":"2022-12-20T17:50:49","date_gmt":"2022-12-20T17:50:49","guid":{"rendered":"https:\/\/www.wasserbassin.com\/site\/?post_type=product&#038;p=17934"},"modified":"2023-11-05T04:41:19","modified_gmt":"2023-11-05T04:41:19","slug":"cliche-musica-cliche-fanzine","status":"publish","type":"product","link":"https:\/\/www.wasserbassin.com\/site\/product\/cliche-musica-cliche-fanzine\/","title":{"rendered":"Clich\u00e9 M\u00fasica &#8211; Clich\u00e9 &#8211; Fanzine"},"content":{"rendered":"<p>A <strong>Clich\u00e9<\/strong> existiu enquanto loja e editora no Bairro Alto durante breves anos no in\u00edcio da d\u00e9cada de 1980. Com um cat\u00e1logo curto, foi talvez a primeira editora independente s\u00e9ria em Portugal, tal como se conhece hoje o termo \u201cindependente\u201d e a est\u00e9tica a ele associada.\u00a0 Quatro s\u00f3cios (Vera Futscher, Jo\u00e3o Pinto Nogueira, Maria Helena Redondo e Rui Pav\u00e3o) acordaram no projecto, beneficiando de circunst\u00e2ncias favor\u00e1veis e um esp\u00edrito de empreendedorismo muito diferente do que actualmente se tenta implementar na sociedade.<\/p>\n<p>A associa\u00e7\u00e3o de amizade com a editora brit\u00e2nica Rough Trade gerou dois dos discos mais fortes do cat\u00e1logo (\u201cOdyshape\u201d das Raincoats e \u201cColossal Youth\u201d de Young Marble Giants). Contacto directo com Bill Laswell, em Nova Iorque, gerou a primeira edi\u00e7\u00e3o na Clich\u00e9, \u201cTemporary Music\u201d (Material). A sexta e \u00faltima edi\u00e7\u00e3o foi \u201cBelzebu\u201d (Telectu). Pelo meio, discos de Pigbag e David Thomas (dos Pere Ubu). Alguns dos futuros fundadores da<strong> Clich\u00e9<\/strong> viveram em Londres. A vizinhan\u00e7a com a loja da Rough Trade e a exposi\u00e7\u00e3o a muito do que de excitante acontecia na cidade, serviu para acumularem energia que colocariam no terreno, no regresso a Lisboa, ao serem confrontados com o reconhecido marasmo cultural em que a cidade se encontrava, no que respeita a express\u00f5es modernas, diferentes e at\u00e9 radicais. Encontros e tert\u00falias caseiras proporcionavam interc\u00e2mbio de ideias. No pr\u00e9dio situado na Rua dos Caetanos, em cuja cave funcionaria a <strong>Clich\u00e9<\/strong>, juntavam-se pessoas, fervilhava uma cena por nomear (e por acontecer). Pessoas como Manuel Reis iam fazendo acontecer coisas concretas. O Bairro Alto tornou-se polo de atrac\u00e7\u00e3o para quem partilhava diferen\u00e7as est\u00e9ticas.<\/p>\n<p>Em 1982, com o Fr\u00e1gil no centro da movida, Jo\u00e3o Pinto Nogueira foi DJ residente no clube. E, onde mais tarde existiu a loja Contraverso (Travessa da Queimada), poderia ter acontecido a segunda vida da <strong>Clich\u00e9<\/strong>. Mas s\u00f3 teve uma vida, sobretudo como loja que vendia roupa original de Maria Helena Redondo e alguns discos enviados por amigos e fam\u00edlia no estrangeiro ou trazidos em viagem. Rapidamente se estabeleceu como ponto de passagem obrigat\u00f3rio para pessoas como Rui Pregal da Cunha. Fal\u00e1mos com ele, com Ricardo Sal\u00f3 e outras pessoas que frequentavam a loja. Tamb\u00e9m com Ana da Silva das Raincoats. Pedimos fotografias. Tent\u00e1mos reconstruir a hist\u00f3ria completa, que come\u00e7a afinal em Londres, fruto do contexto sociopol\u00edtico pr\u00f3prio do Portugal das d\u00e9cadas de 1960 e 70.<\/p>\n<p>O resultado encontra-se numa publica\u00e7\u00e3o f\u00edsica pensada como um fanzine. Formato A4, colagem e manipula\u00e7\u00e3o de imagens. Exemplo do que pode acontecer quando se sente a frustra\u00e7\u00e3o recorrente de pouco ou nada encontrar, documentado com detalhe, do patrim\u00f3nio musical portugu\u00eas ao lado das correntes principais.<\/p>\n<p><span class=\"bcTruncateMore\"><strong>Holuzam<\/strong><\/span><\/p>\n","protected":false},"excerpt":{"rendered":"<p class=\"p1\"><strong>Holuzam<br \/>\n<\/strong><\/p>\n<hr \/>\n<p>A <strong>Clich\u00e9<\/strong> existiu enquanto loja e editora no Bairro Alto durante breves anos no in\u00edcio da d\u00e9cada de 1980. Com um cat\u00e1logo curto, foi talvez a primeira editora independente s\u00e9ria em Portugal, tal como se conhece hoje o termo \u201cindependente\u201d e a est\u00e9tica a ele associada.\u00a0 Quatro s\u00f3cios (Vera Futscher, Jo\u00e3o Pinto Nogueira, Maria Helena Redondo e Rui Pav\u00e3o) acordaram no projecto, beneficiando de circunst\u00e2ncias favor\u00e1veis e um esp\u00edrito de empreendedorismo muito diferente do que actualmente se tenta implementar na sociedade.<\/p>\n<p>&nbsp;<\/p>\n<p class=\"p1\"><strong>\u00a0<\/strong><\/p>\n","protected":false},"featured_media":17933,"comment_status":"closed","ping_status":"closed","template":"","meta":[],"product_brand":[],"product_cat":[],"product_tag":[4344,2543],"class_list":{"0":"post-17934","1":"product","2":"type-product","3":"status-publish","4":"has-post-thumbnail","6":"product_tag-cliche-musica","7":"product_tag-holuzam","8":"product_shipping_class-lp","9":"pa_artist-various_artists","10":"pa_genre-music-history","11":"pa_label-holuzam","13":"first","14":"instock","15":"shipping-taxable","16":"purchasable","17":"product-type-simple"},"_links":{"self":[{"href":"https:\/\/www.wasserbassin.com\/site\/wp-json\/wp\/v2\/product\/17934","targetHints":{"allow":["GET"]}}],"collection":[{"href":"https:\/\/www.wasserbassin.com\/site\/wp-json\/wp\/v2\/product"}],"about":[{"href":"https:\/\/www.wasserbassin.com\/site\/wp-json\/wp\/v2\/types\/product"}],"replies":[{"embeddable":true,"href":"https:\/\/www.wasserbassin.com\/site\/wp-json\/wp\/v2\/comments?post=17934"}],"wp:featuredmedia":[{"embeddable":true,"href":"https:\/\/www.wasserbassin.com\/site\/wp-json\/wp\/v2\/media\/17933"}],"wp:attachment":[{"href":"https:\/\/www.wasserbassin.com\/site\/wp-json\/wp\/v2\/media?parent=17934"}],"wp:term":[{"taxonomy":"product_brand","embeddable":true,"href":"https:\/\/www.wasserbassin.com\/site\/wp-json\/wp\/v2\/product_brand?post=17934"},{"taxonomy":"product_cat","embeddable":true,"href":"https:\/\/www.wasserbassin.com\/site\/wp-json\/wp\/v2\/product_cat?post=17934"},{"taxonomy":"product_tag","embeddable":true,"href":"https:\/\/www.wasserbassin.com\/site\/wp-json\/wp\/v2\/product_tag?post=17934"}],"curies":[{"name":"wp","href":"https:\/\/api.w.org\/{rel}","templated":true}]}}