{"id":17983,"date":"2023-01-09T00:20:51","date_gmt":"2023-01-09T00:20:51","guid":{"rendered":"https:\/\/www.wasserbassin.com\/site\/?post_type=product&#038;p=17983"},"modified":"2025-05-09T19:54:22","modified_gmt":"2025-05-09T18:54:22","slug":"sereias-sereias-lp","status":"publish","type":"product","link":"https:\/\/www.wasserbassin.com\/site\/product\/sereias-sereias-lp\/","title":{"rendered":"Sereias &#8211; Sereias &#8211; LP"},"content":{"rendered":"<p>PT &#8211; \u201cRecomecemos tudo de novo\u201d grita A. Pedro Ribeiro a descerrar o novo \u00e1lbum dos <strong>Sereias<\/strong>, abrindo espa\u00e7o para o deambular de uma guitarra abrasiva sobre um ritmo persistente e incurs\u00f5es de teclados com reminisc\u00eancias jazz-rock \u00e0 anos 70. \u00c9 este o mote para o novo \u00e1lbum, um recome\u00e7o onde encontramos o free rock dos <strong>Sereias<\/strong> em todo o seu esplendor, uma mistura de post-rock e kraut em progress\u00e3o cont\u00ednua, tenso, obsessivo, massacrante, em jogos de texturas e piscar de olhos ao free-jazz e \u00e0 m\u00fasica contempor\u00e2nea e mesmo a algum tribalismo.<\/p>\n<p>ENG &#8211; \u201cLet&#8217;s start it all over again\u201d shouts A. Pedro Ribeiro as he unveils the new <strong>Sereias<\/strong> album, making room for an abrasive guitar wandering over a persistent rhythm and incursions of keyboards with jazz-rock reminiscences from the 70s. The new album, a new beginning where we find <strong>Sereias<\/strong>&#8216; free rock in all its splendor, a mixture of post-rock and kraut in continuous progression, tense, obsessive, crushing, in games of textures and blink of an eye to free-jazz and contemporary music and even some tribalism.<\/p>\n<p><strong>Lovers &amp; Lollypops<\/strong><\/p>\n","protected":false},"excerpt":{"rendered":"<p><strong>Lovers &amp; Lollypops<\/strong><\/p>\n<hr \/>\n<p>\u201cLet&#8217;s start it all over again\u201d shouts A. Pedro Ribeiro as he unveils the new <strong>Sereias<\/strong> album, making room for an abrasive guitar wandering over a persistent rhythm and incursions of keyboards with jazz-rock reminiscences from the 70s. The new album, a new beginning where we find <strong>Sereias<\/strong>&#8216; free rock in all its splendor, a mixture of post-rock and kraut in continuous progression, tense, obsessive, crushing, in games of textures and blink of an eye to free-jazz and contemporary music and even some tribalism.<\/p>\n<p class=\"p1\"><a title=\"See the Video\" href=\"https:\/\/www.youtube.com\/watch?v=RMRX3XxQiBI&amp;ab_channel=Lovers%26Lollypops\" target=\"_blank\" rel=\"noopener noreferrer\">\u25ba CLICK HERE TO LISTEN<\/a><\/p>\n","protected":false},"featured_media":17994,"comment_status":"closed","ping_status":"closed","template":"","meta":[],"product_brand":[],"product_cat":[],"product_tag":[1208,3247],"class_list":{"0":"post-17983","1":"product","2":"type-product","3":"status-publish","4":"has-post-thumbnail","6":"product_tag-lovers-lollypops","7":"product_tag-sereias","8":"product_shipping_class-lp","9":"pa_artist-sereias","10":"pa_genre-jazz","11":"pa_genre-psychedelic","12":"pa_genre-punk","13":"pa_genre-rock","14":"pa_label-lovers-lollypops","16":"first","17":"outofstock","18":"shipping-taxable","19":"purchasable","20":"product-type-simple"},"_links":{"self":[{"href":"https:\/\/www.wasserbassin.com\/site\/wp-json\/wp\/v2\/product\/17983","targetHints":{"allow":["GET"]}}],"collection":[{"href":"https:\/\/www.wasserbassin.com\/site\/wp-json\/wp\/v2\/product"}],"about":[{"href":"https:\/\/www.wasserbassin.com\/site\/wp-json\/wp\/v2\/types\/product"}],"replies":[{"embeddable":true,"href":"https:\/\/www.wasserbassin.com\/site\/wp-json\/wp\/v2\/comments?post=17983"}],"wp:featuredmedia":[{"embeddable":true,"href":"https:\/\/www.wasserbassin.com\/site\/wp-json\/wp\/v2\/media\/17994"}],"wp:attachment":[{"href":"https:\/\/www.wasserbassin.com\/site\/wp-json\/wp\/v2\/media?parent=17983"}],"wp:term":[{"taxonomy":"product_brand","embeddable":true,"href":"https:\/\/www.wasserbassin.com\/site\/wp-json\/wp\/v2\/product_brand?post=17983"},{"taxonomy":"product_cat","embeddable":true,"href":"https:\/\/www.wasserbassin.com\/site\/wp-json\/wp\/v2\/product_cat?post=17983"},{"taxonomy":"product_tag","embeddable":true,"href":"https:\/\/www.wasserbassin.com\/site\/wp-json\/wp\/v2\/product_tag?post=17983"}],"curies":[{"name":"wp","href":"https:\/\/api.w.org\/{rel}","templated":true}]}}