{"id":18022,"date":"2023-01-15T23:53:14","date_gmt":"2023-01-15T23:53:14","guid":{"rendered":"https:\/\/www.wasserbassin.com\/site\/?post_type=product&#038;p=18022"},"modified":"2023-01-15T23:58:12","modified_gmt":"2023-01-15T23:58:12","slug":"bruno-duplant-sombres-miroirs-cd","status":"publish","type":"product","link":"https:\/\/www.wasserbassin.com\/site\/product\/bruno-duplant-sombres-miroirs-cd\/","title":{"rendered":"Bruno Duplant &#8211; Sombres Miroirs &#8211; CD"},"content":{"rendered":"<p>a polished and reflective surface gives us the stable and sincere image of a subject<br \/>\nthe subject here is the world today both planet, nature, humanity, civilizations, individuals<br \/>\nand possibly, probably the one of tomorrow, dark in my eyes &amp; embittered in my heart<\/p>\n<p>a kind of orchestral mise en abyme of these mirrors<br \/>\nwith its moments of tension, implosions, explosions, choruses of mystical lamentations<br \/>\nhope &amp; despair in ever-recurring successions<\/p>\n<p>the art of combining sounds and silences<br \/>\nduring a time previously defined here<br \/>\nas an echo to these dark mirrors<br \/>\ndark ages<\/p>\n<p><em><cite>&#8220;<strong>Sombres miroirs<\/strong>&#8220;<\/cite><\/em> is the continuation of the work &#8220;<cite>\u00c9l\u00e9gie du temps pr\u00e9sent&#8221;<\/cite> published by Granny records in 2021. A third part of this triptych will appear soon, &#8220;<cite>Insondables humeurs&#8221;<\/cite>.<\/p>\n<p><strong>Cr\u00f3nica Electr\u00f3nica<\/strong><\/p>\n","protected":false},"excerpt":{"rendered":"<p class=\"p1\"><strong>Cr\u00f3nica Electr\u00f3nica<br \/>\n<\/strong><\/p>\n<hr \/>\n<p>a polished and reflective surface gives us the stable and sincere image of a subject<br \/>\nthe subject here is the world today both planet, nature, humanity, civilizations, individuals<br \/>\nand possibly, probably the one of tomorrow, dark in my eyes &amp; embittered in my heart<\/p>\n<p>a kind of orchestral mise en abyme of these mirrors<br \/>\nwith its moments of tension, implosions, explosions, choruses of mystical lamentations<br \/>\nhope &amp; despair in ever-recurring successions<\/p>\n<p>the art of combining sounds and silences<br \/>\nduring a time previously defined here<br \/>\nas an echo to these dark mirrors<br \/>\ndark ages<\/p>\n<p><em><cite>&#8220;<strong>Sombres miroirs<\/strong>&#8220;<\/cite><\/em> is the continuation of the work &#8220;<cite>\u00c9l\u00e9gie du temps pr\u00e9sent&#8221;<\/cite> published by Granny records in 2021. A third part of this triptych will appear soon, &#8220;<cite>Insondables humeurs&#8221;<\/cite>.<\/p>\n<p><a href=\"https:\/\/www.youtube.com\/playlist?list=OLAK5uy_k9wCBfPe-OzohRnhYPzsUtsBJ797RurA8\" target=\"_blank\" rel=\"noopener noreferrer\">\u25ba CLICK HERE TO LISTEN<\/a><\/p>\n<p class=\"p1\"><strong>\u00a0<\/strong><\/p>\n","protected":false},"featured_media":18023,"comment_status":"closed","ping_status":"closed","template":"","meta":[],"product_brand":[],"product_cat":[],"product_tag":[4358,1112],"class_list":{"0":"post-18022","1":"product","2":"type-product","3":"status-publish","4":"has-post-thumbnail","6":"product_tag-bruno-duplant","7":"product_tag-cronica-electronica","8":"product_shipping_class-cd","9":"pa_artist-bruno-duplant","10":"pa_genre-abstract","11":"pa_genre-electronics","12":"pa_genre-experimental","13":"pa_label-cronica-electronica","15":"first","16":"instock","17":"shipping-taxable","18":"purchasable","19":"product-type-simple"},"_links":{"self":[{"href":"https:\/\/www.wasserbassin.com\/site\/wp-json\/wp\/v2\/product\/18022","targetHints":{"allow":["GET"]}}],"collection":[{"href":"https:\/\/www.wasserbassin.com\/site\/wp-json\/wp\/v2\/product"}],"about":[{"href":"https:\/\/www.wasserbassin.com\/site\/wp-json\/wp\/v2\/types\/product"}],"replies":[{"embeddable":true,"href":"https:\/\/www.wasserbassin.com\/site\/wp-json\/wp\/v2\/comments?post=18022"}],"wp:featuredmedia":[{"embeddable":true,"href":"https:\/\/www.wasserbassin.com\/site\/wp-json\/wp\/v2\/media\/18023"}],"wp:attachment":[{"href":"https:\/\/www.wasserbassin.com\/site\/wp-json\/wp\/v2\/media?parent=18022"}],"wp:term":[{"taxonomy":"product_brand","embeddable":true,"href":"https:\/\/www.wasserbassin.com\/site\/wp-json\/wp\/v2\/product_brand?post=18022"},{"taxonomy":"product_cat","embeddable":true,"href":"https:\/\/www.wasserbassin.com\/site\/wp-json\/wp\/v2\/product_cat?post=18022"},{"taxonomy":"product_tag","embeddable":true,"href":"https:\/\/www.wasserbassin.com\/site\/wp-json\/wp\/v2\/product_tag?post=18022"}],"curies":[{"name":"wp","href":"https:\/\/api.w.org\/{rel}","templated":true}]}}