{"id":18027,"date":"2023-01-16T00:13:32","date_gmt":"2023-01-16T00:13:32","guid":{"rendered":"https:\/\/www.wasserbassin.com\/site\/?post_type=product&#038;p=18027"},"modified":"2025-02-28T20:42:57","modified_gmt":"2025-02-28T20:42:57","slug":"haarvol-xoan-xil-lopez-the-uncanny-organization-of-timeless-time-cd","status":"publish","type":"product","link":"https:\/\/www.wasserbassin.com\/site\/product\/haarvol-xoan-xil-lopez-the-uncanny-organization-of-timeless-time-cd\/","title":{"rendered":"Haarv\u00f6l + Xo\u00e1n-Xil L\u00f3pez &#8211; The Uncanny Organization Of Timeless Time &#8211; CD"},"content":{"rendered":"<p><span class=\"bcTruncateMore\">This album presents itself involved by this counter-narrative of a strange familiarity that surrounds it and is embodied in its aionic option of an absolute temporal timelessness. That is, maintaining an obviously intimate relationship with the different layers of time (past, present and future), but without ever being integrated into its linear and chronological path, mixing them in several other layers, at the same time familiar and strange, that is to say, aionic.<\/span><\/p>\n<p><strong>Cr\u00f3nica Electr\u00f3nica<\/strong><\/p>\n","protected":false},"excerpt":{"rendered":"<p class=\"p1\"><strong>Cr\u00f3nica Electr\u00f3nica<br \/>\n<\/strong><\/p>\n<hr \/>\n<p><span class=\"bcTruncateMore\">This album presents itself involved by this counter-narrative of a strange familiarity that surrounds it and is embodied in its aionic option of an absolute temporal timelessness. That is, maintaining an obviously intimate relationship with the different layers of time (past, present and future), but without ever being integrated into its linear and chronological path, mixing them in several other layers, at the same time familiar and strange, that is to say, aionic.<\/span><\/p>\n<p><a href=\"https:\/\/www.youtube.com\/playlist?list=OLAK5uy_lArFFfsRO0CXUHu6GeMfkbH4cYM1sbxeQ\" target=\"_blank\" rel=\"noopener noreferrer\">\u25ba CLICK HERE TO LISTEN<\/a><\/p>\n<p class=\"p1\"><strong>\u00a0<\/strong><\/p>\n","protected":false},"featured_media":18016,"comment_status":"closed","ping_status":"closed","template":"","meta":[],"product_brand":[],"product_cat":[],"product_tag":[1112,399,4362],"class_list":{"0":"post-18027","1":"product","2":"type-product","3":"status-publish","4":"has-post-thumbnail","6":"product_tag-cronica-electronica","7":"product_tag-haarvol","8":"product_tag-xoan-xil-lopez","9":"product_shipping_class-cd","10":"pa_artist-haarvol-2","11":"pa_artist-xoan-xil-lopez","12":"pa_genre-ambient","13":"pa_genre-drone","14":"pa_genre-minimal","15":"pa_label-cronica-electronica","17":"first","18":"instock","19":"shipping-taxable","20":"purchasable","21":"product-type-simple"},"_links":{"self":[{"href":"https:\/\/www.wasserbassin.com\/site\/wp-json\/wp\/v2\/product\/18027","targetHints":{"allow":["GET"]}}],"collection":[{"href":"https:\/\/www.wasserbassin.com\/site\/wp-json\/wp\/v2\/product"}],"about":[{"href":"https:\/\/www.wasserbassin.com\/site\/wp-json\/wp\/v2\/types\/product"}],"replies":[{"embeddable":true,"href":"https:\/\/www.wasserbassin.com\/site\/wp-json\/wp\/v2\/comments?post=18027"}],"wp:featuredmedia":[{"embeddable":true,"href":"https:\/\/www.wasserbassin.com\/site\/wp-json\/wp\/v2\/media\/18016"}],"wp:attachment":[{"href":"https:\/\/www.wasserbassin.com\/site\/wp-json\/wp\/v2\/media?parent=18027"}],"wp:term":[{"taxonomy":"product_brand","embeddable":true,"href":"https:\/\/www.wasserbassin.com\/site\/wp-json\/wp\/v2\/product_brand?post=18027"},{"taxonomy":"product_cat","embeddable":true,"href":"https:\/\/www.wasserbassin.com\/site\/wp-json\/wp\/v2\/product_cat?post=18027"},{"taxonomy":"product_tag","embeddable":true,"href":"https:\/\/www.wasserbassin.com\/site\/wp-json\/wp\/v2\/product_tag?post=18027"}],"curies":[{"name":"wp","href":"https:\/\/api.w.org\/{rel}","templated":true}]}}