{"id":18634,"date":"2023-07-11T16:01:03","date_gmt":"2023-07-11T15:01:03","guid":{"rendered":"https:\/\/www.wasserbassin.com\/site\/?post_type=product&#038;p=18634"},"modified":"2025-10-04T00:57:17","modified_gmt":"2025-10-03T23:57:17","slug":"mao-morta-k7-lp-crystal","status":"publish","type":"product","link":"https:\/\/www.wasserbassin.com\/site\/product\/mao-morta-k7-lp-crystal\/","title":{"rendered":"M\u00e3o Morta &#8211; K7 &#8211; LP (Crystal)"},"content":{"rendered":"<p>Em 1986 os <strong>M\u00e3o Morta<\/strong> ganharam o Pr\u00e9mio de Originalidade no II Concurso de M\u00fasica Moderna do Rock Rendez-Vous.<\/p>\n<p>No inicio de 1987, atrav\u00e9s de vota\u00e7\u00e3o na R\u00e1dio Universidade Tejo, foram considerados a &#8220;Melhor Banda Nacional sem Registo em Vinil&#8221;, pr\u00e9mio que lhes possibilitou a grava\u00e7\u00e3o dos seus primeiros dois temas num est\u00fadio profissional. No seguimento, a ag\u00eancia Malucos da P\u00e1tria patrocinou-lhes a grava\u00e7\u00e3o de mais quatro temas em est\u00fadio e, em Agosto de 1987, editou o conjunto dessas seis grava\u00e7\u00f5es numa K7 com o titulo &#8220;<strong>M\u00e3o Morta<\/strong>&#8220;.<\/p>\n<p>Este \u00e9\u00a0 o primeiro registo em est\u00fadio editado pelos <strong>M\u00e3o Morta<\/strong>, um ano antes do seu primeiro disco em vinil.<\/p>\n<p><strong>Garagem<br \/>\n<\/strong><\/p>\n","protected":false},"excerpt":{"rendered":"<p class=\"p1\"><strong>Garagem<\/strong><\/p>\n<hr \/>\n<p>Em 1986 os <strong>M\u00e3o Morta<\/strong> ganharam o Pr\u00e9mio de Originalidade no II Concurso de M\u00fasica Moderna do Rock Rendez-Vous.<\/p>\n<p>No inicio de 1987, atrav\u00e9s de vota\u00e7\u00e3o na R\u00e1dio Universidade Tejo, foram considerados a &#8220;Melhor Banda Nacional sem Registo em Vinil&#8221;, pr\u00e9mio que lhes possibilitou a grava\u00e7\u00e3o dos seus primeiros dois temas num est\u00fadio profissional. No seguimento, a ag\u00eancia Malucos da P\u00e1tria patrocinou-lhes a grava\u00e7\u00e3o de mais quatro temas em est\u00fadio e, em Agosto de 1987, editou o conjunto dessas seis grava\u00e7\u00f5es numa K7 com o titulo &#8220;<strong>M\u00e3o Morta<\/strong>&#8220;.<\/p>\n<p>Este \u00e9\u00a0 o primeiro registo em est\u00fadio editado pelos <strong>M\u00e3o Morta<\/strong>, um ano antes do seu primeiro disco em vinil.<\/p>\n<p><a href=\"https:\/\/www.youtube.com\/watch?v=nDNWY5bxOS0&amp;ab_channel=NekroCoffin\" target=\"_blank\" rel=\"noopener noreferrer\">\u25ba CLICK HERE TO LISTEN<\/a><\/p>\n<p class=\"p1\"><strong>\u00a0<\/strong><\/p>\n","protected":false},"featured_media":18633,"comment_status":"closed","ping_status":"closed","template":"","meta":[],"product_brand":[],"product_cat":[],"product_tag":[4544,4380],"class_list":{"0":"post-18634","1":"product","2":"type-product","3":"status-publish","4":"has-post-thumbnail","6":"product_tag-garagem","7":"product_tag-mao-morta","8":"product_shipping_class-lp","9":"pa_artist-mao-morta","10":"pa_genre-alternative_rock","11":"pa_genre-gothic","12":"pa_genre-indie","13":"pa_genre-rock","14":"pa_label-garagem","16":"first","17":"outofstock","18":"shipping-taxable","19":"purchasable","20":"product-type-simple"},"_links":{"self":[{"href":"https:\/\/www.wasserbassin.com\/site\/wp-json\/wp\/v2\/product\/18634","targetHints":{"allow":["GET"]}}],"collection":[{"href":"https:\/\/www.wasserbassin.com\/site\/wp-json\/wp\/v2\/product"}],"about":[{"href":"https:\/\/www.wasserbassin.com\/site\/wp-json\/wp\/v2\/types\/product"}],"replies":[{"embeddable":true,"href":"https:\/\/www.wasserbassin.com\/site\/wp-json\/wp\/v2\/comments?post=18634"}],"wp:featuredmedia":[{"embeddable":true,"href":"https:\/\/www.wasserbassin.com\/site\/wp-json\/wp\/v2\/media\/18633"}],"wp:attachment":[{"href":"https:\/\/www.wasserbassin.com\/site\/wp-json\/wp\/v2\/media?parent=18634"}],"wp:term":[{"taxonomy":"product_brand","embeddable":true,"href":"https:\/\/www.wasserbassin.com\/site\/wp-json\/wp\/v2\/product_brand?post=18634"},{"taxonomy":"product_cat","embeddable":true,"href":"https:\/\/www.wasserbassin.com\/site\/wp-json\/wp\/v2\/product_cat?post=18634"},{"taxonomy":"product_tag","embeddable":true,"href":"https:\/\/www.wasserbassin.com\/site\/wp-json\/wp\/v2\/product_tag?post=18634"}],"curies":[{"name":"wp","href":"https:\/\/api.w.org\/{rel}","templated":true}]}}