{"id":18682,"date":"2023-07-24T16:02:28","date_gmt":"2023-07-24T15:02:28","guid":{"rendered":"https:\/\/www.wasserbassin.com\/site\/?post_type=product&#038;p=18682"},"modified":"2023-07-24T16:13:23","modified_gmt":"2023-07-24T15:13:23","slug":"andre-tavares-diego-inglez-de-sousa-arquitectura-do-bacalhau-livro-book","status":"publish","type":"product","link":"https:\/\/www.wasserbassin.com\/site\/product\/andre-tavares-diego-inglez-de-sousa-arquitectura-do-bacalhau-livro-book\/","title":{"rendered":"Andr\u00e9 Tavares, Diego Inglez De Sousa &#8211; Arquitectura Do Bacalhau &#8211; Livro (Book)"},"content":{"rendered":"<p><strong>Andr\u00e9 Tavares<\/strong>, <strong>Diego Inglez de Souza<\/strong><\/p>\n<p><strong>Arquitectura do Bacalhau e Outras Esp\u00e9cies <\/strong><\/p>\n<p>Uma Leitura Cr\u00edtica da Paisagem Constru\u00edda pelas Pescas Portuguesas<\/p>\n<p>Qual \u00e9 a arquitectura do bacalhau? \u00c9 \u00f3bvio que um peixe n\u00e3o constr\u00f3i edif\u00edcios, mas as suas caracter\u00edsticas biol\u00f3gicas geram arquitectura. Este livro explora essa hip\u00f3tese e foca-se na costa portuguesa para compreender as rela\u00e7\u00f5es din\u00e2micas entre a constru\u00e7\u00e3o em terra e a instabilidade din\u00e2mica dos ecossistemas marinhos<\/p>\n<p><strong>Dafne<br \/>\n<\/strong><\/p>\n","protected":false},"excerpt":{"rendered":"<p><strong>Dafne<\/strong><\/p>\n<hr \/>\n<p><strong>Andr\u00e9 Tavares<\/strong>, <strong>Diego Inglez de Souza<\/strong><\/p>\n<p><strong>Arquitectura do Bacalhau e Outras Esp\u00e9cies <\/strong><\/p>\n<p>Uma Leitura Cr\u00edtica da Paisagem Constru\u00edda pelas Pescas Portuguesas<\/p>\n<p>Qual \u00e9 a arquitectura do bacalhau? \u00c9 \u00f3bvio que um peixe n\u00e3o constr\u00f3i edif\u00edcios, mas as suas caracter\u00edsticas biol\u00f3gicas geram arquitectura. Este livro explora essa hip\u00f3tese e foca-se na costa portuguesa para compreender as rela\u00e7\u00f5es din\u00e2micas entre a constru\u00e7\u00e3o em terra e a instabilidade din\u00e2mica dos ecossistemas marinhos<\/p>\n<p>&nbsp;<\/p>\n<p>&nbsp;<\/p>\n<p class=\"p1\"><strong>\u00a0<\/strong><\/p>\n","protected":false},"featured_media":18683,"comment_status":"closed","ping_status":"closed","template":"","meta":[],"product_brand":[],"product_cat":[],"product_tag":[983,980,4556],"class_list":{"0":"post-18682","1":"product","2":"type-product","3":"status-publish","4":"has-post-thumbnail","6":"product_tag-andre-tavares","7":"product_tag-dafne","8":"product_tag-diego-inglez-de-sousa","9":"product_shipping_class-bookks","10":"pa_artist-andre-tavares","11":"pa_artist-diego-inglez-de-sousa","12":"pa_genre-architecture","13":"pa_label-dafne","15":"first","16":"instock","17":"shipping-taxable","18":"purchasable","19":"product-type-simple"},"_links":{"self":[{"href":"https:\/\/www.wasserbassin.com\/site\/wp-json\/wp\/v2\/product\/18682","targetHints":{"allow":["GET"]}}],"collection":[{"href":"https:\/\/www.wasserbassin.com\/site\/wp-json\/wp\/v2\/product"}],"about":[{"href":"https:\/\/www.wasserbassin.com\/site\/wp-json\/wp\/v2\/types\/product"}],"replies":[{"embeddable":true,"href":"https:\/\/www.wasserbassin.com\/site\/wp-json\/wp\/v2\/comments?post=18682"}],"wp:featuredmedia":[{"embeddable":true,"href":"https:\/\/www.wasserbassin.com\/site\/wp-json\/wp\/v2\/media\/18683"}],"wp:attachment":[{"href":"https:\/\/www.wasserbassin.com\/site\/wp-json\/wp\/v2\/media?parent=18682"}],"wp:term":[{"taxonomy":"product_brand","embeddable":true,"href":"https:\/\/www.wasserbassin.com\/site\/wp-json\/wp\/v2\/product_brand?post=18682"},{"taxonomy":"product_cat","embeddable":true,"href":"https:\/\/www.wasserbassin.com\/site\/wp-json\/wp\/v2\/product_cat?post=18682"},{"taxonomy":"product_tag","embeddable":true,"href":"https:\/\/www.wasserbassin.com\/site\/wp-json\/wp\/v2\/product_tag?post=18682"}],"curies":[{"name":"wp","href":"https:\/\/api.w.org\/{rel}","templated":true}]}}