{"id":19443,"date":"2024-04-11T19:00:18","date_gmt":"2024-04-11T18:00:18","guid":{"rendered":"https:\/\/www.wasserbassin.com\/site\/?post_type=product&#038;p=19443"},"modified":"2025-09-28T18:15:36","modified_gmt":"2025-09-28T17:15:36","slug":"v-a-sdds-praia-uma-compilacao-balearica-1983-1999-2lp","status":"publish","type":"product","link":"https:\/\/www.wasserbassin.com\/site\/product\/v-a-sdds-praia-uma-compilacao-balearica-1983-1999-2lp\/","title":{"rendered":"V\/A &#8211; SDDS Praia &#8211; Uma Compila\u00e7\u00e3o Bale\u00e1rica (1983-1999) &#8211; 2LP"},"content":{"rendered":"<p><span class=\"bcTruncateMore\"><span id=\"package_description_0\" class=\"peekaboo-text\">&#8220;Agora, aviso: cada can\u00e7\u00e3o escolhida para participar dessa compila\u00e7\u00e3o partiu da dualidade alegria x melancolia t\u00e3o caracter\u00edstica dos regressos, dos amores frustrados e dos fins de tardes \u00e0 beira do mar. Transportar os ouvintes para um estado de nostalgia regido por uma atmosfera sonora ensolarada foi o objetivo primeiro dessa curadoria.<br \/>\nPortanto, escutem-na com os ouvidos atentos. Percebam os nomes dos artistas e a nacionalidade de cada um deles. Conhecem? N\u00e3o? <\/span><\/span><\/p>\n<p><span class=\"bcTruncateMore\"><span id=\"package_description_0\" class=\"peekaboo-text\">Ora, s\u00e3o brasileiros e portugueses! E as respectivas produ\u00e7\u00f5es art\u00edsticas de cada uma dessas personalidades (compreendidas entre os anos de 1983-1994) se aproximam daquilo que melhor reflete a cultura sonora balear: o uso dos sintetizadores, a sensibilidade dos instrumentais e o lirismo t\u00e3o caracter\u00edstico de uma d\u00e9cada.<br \/>\nEscutem muito e dancem mais ainda cada faixa.&#8221;<\/span><\/span><\/p>\n<p><strong>Coco Discos<br \/>\n<\/strong><\/p>\n","protected":false},"excerpt":{"rendered":"<p><strong>Coco Discos<br \/>\n<\/strong><\/p>\n<hr \/>\n<p><span class=\"bcTruncateMore\"><span id=\"package_description_0\" class=\"peekaboo-text\">&#8220;Agora, aviso: cada can\u00e7\u00e3o escolhida para participar dessa compila\u00e7\u00e3o partiu da dualidade alegria x melancolia t\u00e3o caracter\u00edstica dos regressos, dos amores frustrados e dos fins de tardes \u00e0 beira do mar. Transportar os ouvintes para um estado de nostalgia regido por uma atmosfera sonora ensolarada foi o objetivo primeiro dessa curadoria.<br \/>\nPortanto, escutem-na com os ouvidos atentos. Percebam os nomes dos artistas e a nacionalidade de cada um deles. Conhecem? N\u00e3o? <\/span><\/span><\/p>\n<p><span class=\"bcTruncateMore\"><span id=\"package_description_0\" class=\"peekaboo-text\">Ora, s\u00e3o brasileiros e portugueses! E as respectivas produ\u00e7\u00f5es art\u00edsticas de cada uma dessas personalidades (compreendidas entre os anos de 1983-1994) se aproximam daquilo que melhor reflete a cultura sonora balear: o uso dos sintetizadores, a sensibilidade dos instrumentais e o lirismo t\u00e3o caracter\u00edstico de uma d\u00e9cada.<br \/>\nEscutem muito e dancem mais ainda cada faixa.&#8221;<\/span><\/span><\/p>\n<p><a href=\"https:\/\/coco-discos.bandcamp.com\/album\/sdds-praia-uma-compila-o-bale-rica-1983-1999\" target=\"_blank\" rel=\"noopener noreferrer\">\u25ba CLICK HERE TO LISTEN<\/a><\/p>\n<p><strong>\u00a0<\/strong><\/p>\n","protected":false},"featured_media":19451,"comment_status":"closed","ping_status":"closed","template":"","meta":[],"product_brand":[],"product_cat":[],"product_tag":[4189],"class_list":{"0":"post-19443","1":"product","2":"type-product","3":"status-publish","4":"has-post-thumbnail","6":"product_tag-coco-discos","7":"product_shipping_class-lp","8":"pa_artist-various_artists","9":"pa_genre-balearic","10":"pa_genre-boogie","11":"pa_genre-synth-pop","12":"pa_label-coco-discos","14":"first","15":"outofstock","16":"shipping-taxable","17":"purchasable","18":"product-type-simple"},"_links":{"self":[{"href":"https:\/\/www.wasserbassin.com\/site\/wp-json\/wp\/v2\/product\/19443","targetHints":{"allow":["GET"]}}],"collection":[{"href":"https:\/\/www.wasserbassin.com\/site\/wp-json\/wp\/v2\/product"}],"about":[{"href":"https:\/\/www.wasserbassin.com\/site\/wp-json\/wp\/v2\/types\/product"}],"replies":[{"embeddable":true,"href":"https:\/\/www.wasserbassin.com\/site\/wp-json\/wp\/v2\/comments?post=19443"}],"wp:featuredmedia":[{"embeddable":true,"href":"https:\/\/www.wasserbassin.com\/site\/wp-json\/wp\/v2\/media\/19451"}],"wp:attachment":[{"href":"https:\/\/www.wasserbassin.com\/site\/wp-json\/wp\/v2\/media?parent=19443"}],"wp:term":[{"taxonomy":"product_brand","embeddable":true,"href":"https:\/\/www.wasserbassin.com\/site\/wp-json\/wp\/v2\/product_brand?post=19443"},{"taxonomy":"product_cat","embeddable":true,"href":"https:\/\/www.wasserbassin.com\/site\/wp-json\/wp\/v2\/product_cat?post=19443"},{"taxonomy":"product_tag","embeddable":true,"href":"https:\/\/www.wasserbassin.com\/site\/wp-json\/wp\/v2\/product_tag?post=19443"}],"curies":[{"name":"wp","href":"https:\/\/api.w.org\/{rel}","templated":true}]}}