{"id":20106,"date":"2024-11-25T00:42:11","date_gmt":"2024-11-25T00:42:11","guid":{"rendered":"https:\/\/www.wasserbassin.com\/site\/?post_type=product&#038;p=20106"},"modified":"2026-03-31T18:14:56","modified_gmt":"2026-03-31T17:14:56","slug":"ilusao-gotica-privacao-tropica-k7","status":"publish","type":"product","link":"https:\/\/www.wasserbassin.com\/site\/product\/ilusao-gotica-privacao-tropica-k7\/","title":{"rendered":"Ilus\u00e3o G\u00f3tica &#8211; Priva\u00e7\u00e3o Tr\u00f3pica &#8211; K7"},"content":{"rendered":"<p>Laboratory space conjured up by the members of the Confer\u00eancia Inferno and where experimentation is the watchword. Free from the rules that guide the songs of their other project, in <strong>Ilus\u00e3o G\u00f3tica<\/strong> the trio allows themselves to taste a little bit of everything: ambient that spreads to the horizon, adventurous riffs winking at Sun Araw and, of course, a gothic tone somewhere between Coil and Cabaret Voltaire.<\/p>\n<p>Now, they present &#8220;<strong>Priva\u00e7\u00e3o Tr\u00f3pica<\/strong>&#8221; at Understage, to dream with your eyes open about a better future.<\/p>\n<p><strong>Lovers &amp; Lollypops<br \/>\n<\/strong><\/p>\n","protected":false},"excerpt":{"rendered":"<p><strong>Lovers &amp; Lollypops<br \/>\n<\/strong><\/p>\n<hr \/>\n<p>Laboratory space conjured up by the members of the Confer\u00eancia Inferno and where experimentation is the watchword. Free from the rules that guide the songs of their other project, in <strong>Ilus\u00e3o G\u00f3tica<\/strong> the trio allows themselves to taste a little bit of everything: ambient that spreads to the horizon, adventurous riffs winking at Sun Araw and, of course, a gothic tone somewhere between Coil and Cabaret Voltaire.<\/p>\n<p>Now, they present &#8220;<strong>Priva\u00e7\u00e3o Tr\u00f3pica<\/strong>&#8221; at Understage, to dream with your eyes open about a better future.<\/p>\n<p><a href=\"https:\/\/www.youtube.com\/playlist?list=OLAK5uy_n7ag9JfYbYFb3sRMaeWOetjYuQRJcjXH0\" target=\"_blank\" rel=\"noopener noreferrer\">\u25ba CLICK HERE TO LISTEN<\/a><\/p>\n<p>&nbsp;<\/p>\n<p class=\"p1\"><strong>\u00a0<\/strong><\/p>\n","protected":false},"featured_media":20099,"comment_status":"closed","ping_status":"closed","template":"","meta":[],"product_brand":[],"product_cat":[],"product_tag":[4933,1208],"class_list":{"0":"post-20106","1":"product","2":"type-product","3":"status-publish","4":"has-post-thumbnail","6":"product_tag-ilusao-gotica","7":"product_tag-lovers-lollypops","8":"product_shipping_class-cd","9":"pa_artist-ilusao-gotica","10":"pa_genre-electronics","11":"pa_genre-industrial","12":"pa_genre-post-punk","13":"pa_label-lovers-lollypops","15":"first","16":"instock","17":"shipping-taxable","18":"purchasable","19":"product-type-simple"},"_links":{"self":[{"href":"https:\/\/www.wasserbassin.com\/site\/wp-json\/wp\/v2\/product\/20106","targetHints":{"allow":["GET"]}}],"collection":[{"href":"https:\/\/www.wasserbassin.com\/site\/wp-json\/wp\/v2\/product"}],"about":[{"href":"https:\/\/www.wasserbassin.com\/site\/wp-json\/wp\/v2\/types\/product"}],"replies":[{"embeddable":true,"href":"https:\/\/www.wasserbassin.com\/site\/wp-json\/wp\/v2\/comments?post=20106"}],"wp:featuredmedia":[{"embeddable":true,"href":"https:\/\/www.wasserbassin.com\/site\/wp-json\/wp\/v2\/media\/20099"}],"wp:attachment":[{"href":"https:\/\/www.wasserbassin.com\/site\/wp-json\/wp\/v2\/media?parent=20106"}],"wp:term":[{"taxonomy":"product_brand","embeddable":true,"href":"https:\/\/www.wasserbassin.com\/site\/wp-json\/wp\/v2\/product_brand?post=20106"},{"taxonomy":"product_cat","embeddable":true,"href":"https:\/\/www.wasserbassin.com\/site\/wp-json\/wp\/v2\/product_cat?post=20106"},{"taxonomy":"product_tag","embeddable":true,"href":"https:\/\/www.wasserbassin.com\/site\/wp-json\/wp\/v2\/product_tag?post=20106"}],"curies":[{"name":"wp","href":"https:\/\/api.w.org\/{rel}","templated":true}]}}