{"id":20181,"date":"2024-12-16T00:00:39","date_gmt":"2024-12-16T00:00:39","guid":{"rendered":"https:\/\/www.wasserbassin.com\/site\/?post_type=product&#038;p=20181"},"modified":"2025-12-23T12:17:29","modified_gmt":"2025-12-23T12:17:29","slug":"semeador-de-palavras-entrevistas-a-jose-afonso-livro-book","status":"publish","type":"product","link":"https:\/\/www.wasserbassin.com\/site\/product\/semeador-de-palavras-entrevistas-a-jose-afonso-livro-book\/","title":{"rendered":"Semeador De Palavras &#8211; Entrevistas A Jos\u00e9 Afonso &#8211; Livro (Book)"},"content":{"rendered":"<p>Livro que re\u00fane perto de 120 entrevistas concedidas por <strong>Jos\u00e9 Afonso<\/strong> a diferentes \u00f3rg\u00e3os de comunica\u00e7\u00e3o social. Uma obra que se revela importante para conhecer as can\u00e7\u00f5es e o pensamento pol\u00edtico e c\u00edvico do cantor, assim como para se saber um pouco do que est\u00e1 por tr\u00e1s das can\u00e7\u00f5es, da pessoa, do seu mundo, da forma de ver o mundo, da sua pr\u00f3pria vida e das experi\u00eancias que teve.<\/p>\n<p>Um trabalho empenhado, levado a cabo por uma equipa de volunt\u00e1rios pertencentes \u00e0 Direc\u00e7\u00e3o da<strong> AJA<\/strong>, com o apoio dos funcion\u00e1rios e outros contributos, envolvendo pesquisa em locais diversos como o Centro de Documenta\u00e7\u00e3o da <strong>AJA<\/strong>, Biblioteca Nacional, Hemeroteca, Jornais, Centro de M\u00fasica Tradicional Sons da Terra e outros arquivos particulares. De salientar a concep\u00e7\u00e3o e desenho gr\u00e1fico da capa por Jos\u00e9 Santa-B\u00e1rbara, amigo e capista de 9 discos de <strong>Jos\u00e9 Afonso<\/strong>, a quem muito agradecemos. Igual gratid\u00e3o estendemos a Viriato Teles pela autoria do pref\u00e1cio, tamb\u00e9m ele nosso \u201cc\u00famplice\u201d e entrevistador de Jos\u00e9 Afonso em v\u00e1rios textos reproduzidos nesta edi\u00e7\u00e3o.<\/p>\n<div><strong>Associa\u00e7\u00e3o Jos\u00e9 Afonso<br \/>\n<\/strong><\/div>\n","protected":false},"excerpt":{"rendered":"<p><strong>Associa\u00e7\u00e3o Jos\u00e9 Afonso<br \/>\n<\/strong><\/p>\n<hr \/>\n<p>Livro que re\u00fane perto de 120 entrevistas concedidas por <strong>Jos\u00e9 Afonso<\/strong> a diferentes \u00f3rg\u00e3os de comunica\u00e7\u00e3o social. Uma obra que se revela importante para conhecer as can\u00e7\u00f5es e o pensamento pol\u00edtico e c\u00edvico do cantor, assim como para se saber um pouco do que est\u00e1 por tr\u00e1s das can\u00e7\u00f5es, da pessoa, do seu mundo, da forma de ver o mundo, da sua pr\u00f3pria vida e das experi\u00eancias que teve.<\/p>\n<p>Um trabalho empenhado, levado a cabo por uma equipa de volunt\u00e1rios pertencentes \u00e0 Direc\u00e7\u00e3o da<strong> AJA<\/strong>, com o apoio dos funcion\u00e1rios e outros contributos, envolvendo pesquisa em locais diversos como o Centro de Documenta\u00e7\u00e3o da <strong>AJA<\/strong>, Biblioteca Nacional, Hemeroteca, Jornais, Centro de M\u00fasica Tradicional Sons da Terra e outros arquivos particulares. De salientar a concep\u00e7\u00e3o e desenho gr\u00e1fico da capa por Jos\u00e9 Santa-B\u00e1rbara, amigo e capista de 9 discos de <strong>Jos\u00e9 Afonso<\/strong>, a quem muito agradecemos. Igual gratid\u00e3o estendemos a Viriato Teles pela autoria do pref\u00e1cio, tamb\u00e9m ele nosso \u201cc\u00famplice\u201d e entrevistador de Jos\u00e9 Afonso em v\u00e1rios textos reproduzidos nesta edi\u00e7\u00e3o.<\/p>\n<p>&nbsp;<\/p>\n<p>&nbsp;<\/p>\n<p><strong>\u00a0<\/strong><\/p>\n","protected":false},"featured_media":20183,"comment_status":"closed","ping_status":"closed","template":"","meta":[],"product_brand":[],"product_cat":[],"product_tag":[4011,4012],"class_list":{"0":"post-20181","1":"product","2":"type-product","3":"status-publish","4":"has-post-thumbnail","6":"product_tag-aja","7":"product_tag-jose-afonso","8":"product_shipping_class-bookks","9":"pa_artist-jose-afonso","10":"pa_genre-interview","11":"pa_genre-journalism","12":"pa_label-aja","14":"first","15":"outofstock","16":"shipping-taxable","17":"purchasable","18":"product-type-simple"},"_links":{"self":[{"href":"https:\/\/www.wasserbassin.com\/site\/wp-json\/wp\/v2\/product\/20181","targetHints":{"allow":["GET"]}}],"collection":[{"href":"https:\/\/www.wasserbassin.com\/site\/wp-json\/wp\/v2\/product"}],"about":[{"href":"https:\/\/www.wasserbassin.com\/site\/wp-json\/wp\/v2\/types\/product"}],"replies":[{"embeddable":true,"href":"https:\/\/www.wasserbassin.com\/site\/wp-json\/wp\/v2\/comments?post=20181"}],"wp:featuredmedia":[{"embeddable":true,"href":"https:\/\/www.wasserbassin.com\/site\/wp-json\/wp\/v2\/media\/20183"}],"wp:attachment":[{"href":"https:\/\/www.wasserbassin.com\/site\/wp-json\/wp\/v2\/media?parent=20181"}],"wp:term":[{"taxonomy":"product_brand","embeddable":true,"href":"https:\/\/www.wasserbassin.com\/site\/wp-json\/wp\/v2\/product_brand?post=20181"},{"taxonomy":"product_cat","embeddable":true,"href":"https:\/\/www.wasserbassin.com\/site\/wp-json\/wp\/v2\/product_cat?post=20181"},{"taxonomy":"product_tag","embeddable":true,"href":"https:\/\/www.wasserbassin.com\/site\/wp-json\/wp\/v2\/product_tag?post=20181"}],"curies":[{"name":"wp","href":"https:\/\/api.w.org\/{rel}","templated":true}]}}