{"id":20234,"date":"2025-01-07T00:24:58","date_gmt":"2025-01-07T00:24:58","guid":{"rendered":"https:\/\/www.wasserbassin.com\/site\/?post_type=product&#038;p=20234"},"modified":"2025-05-11T12:03:39","modified_gmt":"2025-05-11T11:03:39","slug":"bernard-parmegiani-francois-bayle-divine-comedie-4lp","status":"publish","type":"product","link":"https:\/\/www.wasserbassin.com\/site\/product\/bernard-parmegiani-francois-bayle-divine-comedie-4lp\/","title":{"rendered":"Bernard Parmegiani &#038; Fran\u00e7ois Bayle &#8211; Divine Com\u00e9die &#8211; 4LP"},"content":{"rendered":"<p>&#8220;<strong>Divine Com\u00e9die<\/strong>&#8221; stands as a magnum opus crafted by two of the foremost composers of their era, boasting a musical ambition akin to Dante\u2019s poem and its visual interpretation by Sandro Botticelli or Gustave Dor\u00e9.<\/p>\n<p>For a long time, this triptych was presented as a two-sided work in which <strong>Bernard Parmegiani<\/strong>\u2019s Hell and <strong>Fran\u00e7ois Bayle<\/strong>\u2019s Purgatory responded to and extended each other, guided by Michel Hermon\u2019s voice through the listener\u2019s imagination. Because Paradise, a mixed piece co-composed and performed live, had never been released on record before. Indeed, fifty years after its premiere, Paradise is unveiled to our ears, thereby rounding off the very first complete edition of the &#8220;<strong>Divine Com\u00e9die<\/strong>&#8220;.<\/p>\n<p><strong>Recollection GRM<\/strong><\/p>\n<p>&nbsp;<\/p>\n<p>&nbsp;<\/p>\n<p>&nbsp;<\/p>\n<p>&nbsp;<\/p>\n<p><strong>\u00a0<\/strong><\/p>\n","protected":false},"excerpt":{"rendered":"<p><strong>Recollection GRM<br \/>\n<\/strong><\/p>\n<hr \/>\n<p>&#8220;<strong>Divine Com\u00e9die<\/strong>&#8221; stands as a magnum opus crafted by two of the foremost composers of their era, boasting a musical ambition akin to Dante\u2019s poem and its visual interpretation by Sandro Botticelli or Gustave Dor\u00e9.<\/p>\n<p>For a long time, this triptych was presented as a two-sided work in which <strong>Bernard Parmegiani<\/strong>\u2019s Hell and <strong>Fran\u00e7ois Bayle<\/strong>\u2019s Purgatory responded to and extended each other, guided by Michel Hermon\u2019s voice through the listener\u2019s imagination. Because Paradise, a mixed piece co-composed and performed live, had never been released on record before. Indeed, fifty years after its premiere, Paradise is unveiled to our ears, thereby rounding off the very first complete edition of the &#8220;<strong>Divine Com\u00e9die<\/strong>&#8220;.<\/p>\n<p class=\"p1\"><a href=\"https:\/\/www.youtube.com\/playlist?list=OLAK5uy_mghw3aBAdf0QhjRTdq9NNbvHkq3T64i0g\" target=\"_blank\" rel=\"noopener noreferrer\">\u25ba CLICK HERE TO LISTEN<\/a><\/p>\n<p>&nbsp;<\/p>\n<p class=\"p1\"><strong>\u00a0<\/strong><\/p>\n","protected":false},"featured_media":20235,"comment_status":"closed","ping_status":"closed","template":"","meta":[],"product_brand":[],"product_cat":[],"product_tag":[2613,2431,1141],"class_list":{"0":"post-20234","1":"product","2":"type-product","3":"status-publish","4":"has-post-thumbnail","6":"product_tag-bernard-parmegiani","7":"product_tag-francois-bayle","8":"product_tag-recollection-grm","9":"product_shipping_class-lp","10":"pa_artist-bernard-parmegiani","11":"pa_artist-francois-bayle","12":"pa_genre-concrete","13":"pa_genre-contemporary","14":"pa_genre-electroacustic","15":"pa_genre-experimental","16":"pa_label-recollection-grm","18":"first","19":"outofstock","20":"shipping-taxable","21":"purchasable","22":"product-type-simple"},"_links":{"self":[{"href":"https:\/\/www.wasserbassin.com\/site\/wp-json\/wp\/v2\/product\/20234","targetHints":{"allow":["GET"]}}],"collection":[{"href":"https:\/\/www.wasserbassin.com\/site\/wp-json\/wp\/v2\/product"}],"about":[{"href":"https:\/\/www.wasserbassin.com\/site\/wp-json\/wp\/v2\/types\/product"}],"replies":[{"embeddable":true,"href":"https:\/\/www.wasserbassin.com\/site\/wp-json\/wp\/v2\/comments?post=20234"}],"wp:featuredmedia":[{"embeddable":true,"href":"https:\/\/www.wasserbassin.com\/site\/wp-json\/wp\/v2\/media\/20235"}],"wp:attachment":[{"href":"https:\/\/www.wasserbassin.com\/site\/wp-json\/wp\/v2\/media?parent=20234"}],"wp:term":[{"taxonomy":"product_brand","embeddable":true,"href":"https:\/\/www.wasserbassin.com\/site\/wp-json\/wp\/v2\/product_brand?post=20234"},{"taxonomy":"product_cat","embeddable":true,"href":"https:\/\/www.wasserbassin.com\/site\/wp-json\/wp\/v2\/product_cat?post=20234"},{"taxonomy":"product_tag","embeddable":true,"href":"https:\/\/www.wasserbassin.com\/site\/wp-json\/wp\/v2\/product_tag?post=20234"}],"curies":[{"name":"wp","href":"https:\/\/api.w.org\/{rel}","templated":true}]}}