{"id":20629,"date":"2025-05-19T17:41:52","date_gmt":"2025-05-19T16:41:52","guid":{"rendered":"https:\/\/www.wasserbassin.com\/site\/?post_type=product&#038;p=20629"},"modified":"2025-05-19T17:56:39","modified_gmt":"2025-05-19T16:56:39","slug":"ry-vuh-claro-escuro-12","status":"publish","type":"product","link":"https:\/\/www.wasserbassin.com\/site\/product\/ry-vuh-claro-escuro-12\/","title":{"rendered":"Ry Vuh &#8211; Claro \/ Escuro &#8211; 12&#8243;"},"content":{"rendered":"<div class=\"description\">\n<p><span class=\"font-size08\"><strong>Ry Vuh<\/strong> \u00e9 o estado actual de uma parceria de interesses incomuns. Jorge Queijo e Jorge Coelho j\u00e1 tocam juntos h\u00e1 uns 15 anos, a bateria e a guitarra cruzaram-se por v\u00e1rios projectos, mantendo cada um um percurso rico de eventos, edi\u00e7\u00f5es e manifesta\u00e7\u00f5es diversas.<\/span><\/p>\n<p><span class=\"font-size08\"> E, como aconteceu em v\u00e1rios pontos do passado, aquilo que \u00e9 um esfor\u00e7o em grupo de procura de um som, de o chamar, de o fazer mat\u00e9ria, \u00e9 tamb\u00e9m uma longa constru\u00e7\u00e3o de uma identidade, um jogo de equil\u00edbrio entre o gesto amplificado e a composi\u00e7\u00e3o informada por decis\u00f5es anteriores (\u00e9 s\u00f3 uma guitarra e uma bateria), sendo que agora a ocorrer num espa\u00e7o profundamente transformado pelo trabalho do Jo\u00e3o Guedes, pelas suas imagens e pela sua manipula\u00e7\u00e3o. O concerto para bateria, guitarra e retroprojector, \u00e9 o resultado dessa constru\u00e7\u00e3o a tr\u00eas. A muta\u00e7\u00e3o de imagem e som \u00e9 ao mesmo tempo s\u00edncrona e livre, numa sobreposi\u00e7\u00e3o amb\u00edgua com sentidos sobrepostos, um mapa feito de pistas vistas de relance. <\/span><\/p>\n<p><span class=\"font-size08\">O \u00e1lbum contou com a participa\u00e7\u00e3o de Andr\u00e9 Henriques no tema &#8220;Escuro&#8221;. <\/span><\/p>\n<p><strong>Ouvido Falido<br \/>\n<\/strong><\/p>\n<\/div>\n","protected":false},"excerpt":{"rendered":"<p><strong>Ouvido Falido<br \/>\n<\/strong><\/p>\n<hr \/>\n<p><span class=\"font-size08\"><strong>Ry Vuh<\/strong> \u00e9 o estado actual de uma parceria de interesses incomuns. Jorge Queijo e Jorge Coelho j\u00e1 tocam juntos h\u00e1 uns 15 anos, a bateria e a guitarra cruzaram-se por v\u00e1rios projectos, mantendo cada um um percurso rico de eventos, edi\u00e7\u00f5es e manifesta\u00e7\u00f5es diversas.<\/span><\/p>\n<p><span class=\"font-size08\"> E, como aconteceu em v\u00e1rios pontos do passado, aquilo que \u00e9 um esfor\u00e7o em grupo de procura de um som, de o chamar, de o fazer mat\u00e9ria, \u00e9 tamb\u00e9m uma longa constru\u00e7\u00e3o de uma identidade, um jogo de equil\u00edbrio entre o gesto amplificado e a composi\u00e7\u00e3o informada por decis\u00f5es anteriores (\u00e9 s\u00f3 uma guitarra e uma bateria), sendo que agora a ocorrer num espa\u00e7o profundamente transformado pelo trabalho do Jo\u00e3o Guedes, pelas suas imagens e pela sua manipula\u00e7\u00e3o. O concerto para bateria, guitarra e retroprojector, \u00e9 o resultado dessa constru\u00e7\u00e3o a tr\u00eas. A muta\u00e7\u00e3o de imagem e som \u00e9 ao mesmo tempo s\u00edncrona e livre, numa sobreposi\u00e7\u00e3o amb\u00edgua com sentidos sobrepostos, um mapa feito de pistas vistas de relance. <\/span><\/p>\n<p><span class=\"font-size08\">O \u00e1lbum contou com a participa\u00e7\u00e3o de Andr\u00e9 Henriques no tema &#8220;Escuro&#8221;. <\/span><\/p>\n<p><a href=\"https:\/\/www.youtube.com\/playlist?list=OLAK5uy_leCOUQ5Vsr_MDy-ZRwCYTaTqNbMO9Wllw\" target=\"_blank\" rel=\"noopener\">\u25ba CLICK HERE TO LISTEN<\/a><\/p>\n<p>&nbsp;<\/p>\n<p class=\"p1\"><strong>\u00a0<\/strong><\/p>\n","protected":false},"featured_media":20630,"comment_status":"closed","ping_status":"closed","template":"","meta":[],"product_brand":[],"product_cat":[],"product_tag":[1661,4782],"class_list":{"0":"post-20629","1":"product","2":"type-product","3":"status-publish","4":"has-post-thumbnail","6":"product_tag-jorge-queijo","7":"product_tag-ouvido-falido","8":"product_shipping_class-lp","9":"pa_artist-jorge-coelho","10":"pa_artist-jorge-queijo","11":"pa_artist-ry-vuh","12":"pa_genre-alternative_rock","13":"pa_label-ouvido-falido","15":"first","16":"instock","17":"shipping-taxable","18":"purchasable","19":"product-type-simple"},"_links":{"self":[{"href":"https:\/\/www.wasserbassin.com\/site\/wp-json\/wp\/v2\/product\/20629","targetHints":{"allow":["GET"]}}],"collection":[{"href":"https:\/\/www.wasserbassin.com\/site\/wp-json\/wp\/v2\/product"}],"about":[{"href":"https:\/\/www.wasserbassin.com\/site\/wp-json\/wp\/v2\/types\/product"}],"replies":[{"embeddable":true,"href":"https:\/\/www.wasserbassin.com\/site\/wp-json\/wp\/v2\/comments?post=20629"}],"wp:featuredmedia":[{"embeddable":true,"href":"https:\/\/www.wasserbassin.com\/site\/wp-json\/wp\/v2\/media\/20630"}],"wp:attachment":[{"href":"https:\/\/www.wasserbassin.com\/site\/wp-json\/wp\/v2\/media?parent=20629"}],"wp:term":[{"taxonomy":"product_brand","embeddable":true,"href":"https:\/\/www.wasserbassin.com\/site\/wp-json\/wp\/v2\/product_brand?post=20629"},{"taxonomy":"product_cat","embeddable":true,"href":"https:\/\/www.wasserbassin.com\/site\/wp-json\/wp\/v2\/product_cat?post=20629"},{"taxonomy":"product_tag","embeddable":true,"href":"https:\/\/www.wasserbassin.com\/site\/wp-json\/wp\/v2\/product_tag?post=20629"}],"curies":[{"name":"wp","href":"https:\/\/api.w.org\/{rel}","templated":true}]}}