{"id":21533,"date":"2026-04-29T07:28:21","date_gmt":"2026-04-29T06:28:21","guid":{"rendered":"https:\/\/www.wasserbassin.com\/site\/?post_type=product&#038;p=21533"},"modified":"2026-04-21T14:10:49","modified_gmt":"2026-04-21T13:10:49","slug":"francisco-tropa-nuno-brandao-costa-andre-cepeda-danae-e-penelope-livro-book","status":"publish","type":"product","link":"https:\/\/www.wasserbassin.com\/site\/product\/francisco-tropa-nuno-brandao-costa-andre-cepeda-danae-e-penelope-livro-book\/","title":{"rendered":"Francisco Tropa, Nuno Brand\u00e3o Costa, Andr\u00e9 Cepeda &#8211; D\u00e1nae e Pen\u00e9lope &#8211; Livro (Book)"},"content":{"rendered":"<p>A arquitectura de <strong>Nuno Brand\u00e3o Costa<\/strong> constr\u00f3i o espa\u00e7o para a cumplicidade entre os tr\u00eas autores deste livro: arquitecto, escultor e fot\u00f3grafo. Foi um processo que come\u00e7ou no reconhecimento do lugar, ganhou forma nos desenhos de projecto e vida no momento turbulento do estaleiro de obra. Agora, a vegeta\u00e7\u00e3o que nasce toma conta do lugar na companhia das figuras cl\u00e1ssicas e dos viajantes contempor\u00e2neos.<\/p>\n<p>A edi\u00e7\u00e3o deste livro teve o apoio da Rep\u00fablica Portuguesa \u2013 Cultura \/ Dire\u00e7\u00e3o-Geral das Artes e da Casa S\u00e3o Roque.<\/p>\n<p><strong>Dafne Editora<\/strong><\/p>\n<p>&nbsp;<\/p>\n<p>&nbsp;<\/p>\n<p>&nbsp;<\/p>\n<p>&nbsp;<\/p>\n","protected":false},"excerpt":{"rendered":"<p><strong>Dafne Editora<\/strong><\/p>\n<hr \/>\n<p>A arquitectura de <strong>Nuno Brand\u00e3o Costa<\/strong> constr\u00f3i o espa\u00e7o para a cumplicidade entre os tr\u00eas autores deste livro: arquitecto, escultor e fot\u00f3grafo. Foi um processo que come\u00e7ou no reconhecimento do lugar, ganhou forma nos desenhos de projecto e vida no momento turbulento do estaleiro de obra. Agora, a vegeta\u00e7\u00e3o que nasce toma conta do lugar na companhia das figuras cl\u00e1ssicas e dos viajantes contempor\u00e2neos.<\/p>\n<p>A edi\u00e7\u00e3o deste livro teve o apoio da Rep\u00fablica Portuguesa \u2013 Cultura \/ Dire\u00e7\u00e3o-Geral das Artes e da Casa S\u00e3o Roque.<\/p>\n<p>&nbsp;<\/p>\n<p>&nbsp;<\/p>\n","protected":false},"featured_media":21534,"comment_status":"closed","ping_status":"closed","template":"","meta":[],"product_brand":[],"product_cat":[],"product_tag":[5005],"class_list":{"0":"post-21533","1":"product","2":"type-product","3":"status-publish","4":"has-post-thumbnail","6":"product_tag-dafne-editora","7":"product_shipping_class-bookks","8":"pa_artist-various_artists","9":"pa_genre-architecture","10":"pa_label-dafne","12":"first","13":"instock","14":"shipping-taxable","15":"purchasable","16":"product-type-simple"},"_links":{"self":[{"href":"https:\/\/www.wasserbassin.com\/site\/wp-json\/wp\/v2\/product\/21533","targetHints":{"allow":["GET"]}}],"collection":[{"href":"https:\/\/www.wasserbassin.com\/site\/wp-json\/wp\/v2\/product"}],"about":[{"href":"https:\/\/www.wasserbassin.com\/site\/wp-json\/wp\/v2\/types\/product"}],"replies":[{"embeddable":true,"href":"https:\/\/www.wasserbassin.com\/site\/wp-json\/wp\/v2\/comments?post=21533"}],"wp:featuredmedia":[{"embeddable":true,"href":"https:\/\/www.wasserbassin.com\/site\/wp-json\/wp\/v2\/media\/21534"}],"wp:attachment":[{"href":"https:\/\/www.wasserbassin.com\/site\/wp-json\/wp\/v2\/media?parent=21533"}],"wp:term":[{"taxonomy":"product_brand","embeddable":true,"href":"https:\/\/www.wasserbassin.com\/site\/wp-json\/wp\/v2\/product_brand?post=21533"},{"taxonomy":"product_cat","embeddable":true,"href":"https:\/\/www.wasserbassin.com\/site\/wp-json\/wp\/v2\/product_cat?post=21533"},{"taxonomy":"product_tag","embeddable":true,"href":"https:\/\/www.wasserbassin.com\/site\/wp-json\/wp\/v2\/product_tag?post=21533"}],"curies":[{"name":"wp","href":"https:\/\/api.w.org\/{rel}","templated":true}]}}

Francisco Tropa, Nuno Brandão Costa, André Cepeda &#8211; Dánae e Penélope &#8211; Livro (Book)

<p>A arquitectura de <strong>Nuno Brandão Costa</strong> constrói o espaço para a cumplicidade entre os três autores deste livro: arquitecto, escultor e fotógrafo. Foi um processo que começou no reconhecimento do lugar, ganhou forma nos desenhos de projecto e vida no momento turbulento do estaleiro de obra. Agora, a vegetação que nasce toma conta do lugar na companhia das figuras clássicas e dos viajantes contemporâneos.</p>
<p>A edição deste livro teve o apoio da República Portuguesa – Cultura / Direção-Geral das Artes e da Casa São Roque.</p>
<p><strong>Dafne Editora</strong></p>
<p>&nbsp;</p>
<p>&nbsp;</p>
<p>&nbsp;</p>
<p>&nbsp;</p>

<p><strong>Dafne Editora</strong></p>
<hr />
<p>A arquitectura de <strong>Nuno Brandão Costa</strong> constrói o espaço para a cumplicidade entre os três autores deste livro: arquitecto, escultor e fotógrafo. Foi um processo que começou no reconhecimento do lugar, ganhou forma nos desenhos de projecto e vida no momento turbulento do estaleiro de obra. Agora, a vegetação que nasce toma conta do lugar na companhia das figuras clássicas e dos viajantes contemporâneos.</p>
<p>A edição deste livro teve o apoio da República Portuguesa – Cultura / Direção-Geral das Artes e da Casa São Roque.</p>
<p>&nbsp;</p>
<p>&nbsp;</p>
