{"id":3166,"date":"2015-11-10T00:03:37","date_gmt":"2015-11-10T00:03:37","guid":{"rendered":"http:\/\/wasserbassin.com\/site\/product\/domingos-tavares-casas-de-brasileiro-livro\/"},"modified":"2015-11-25T00:09:49","modified_gmt":"2015-11-25T00:09:49","slug":"domingos-tavares-casas-de-brasileiro-livro","status":"publish","type":"product","link":"https:\/\/www.wasserbassin.com\/site\/product\/domingos-tavares-casas-de-brasileiro-livro\/","title":{"rendered":"Domingos Tavares &#8211; Casas De Brasileiro &#8211; Livro"},"content":{"rendered":"<p>A participa\u00e7\u00e3o dos \u201ctorna-viagem\u201d na forma\u00e7\u00e3o da vanguarda art\u00edstica portuguesa \u2013 a que se convencionou chamar futurista ou modernista \u2013 n\u00e3o \u00e9 evidente. Mas estes novos-ricos dos alvores do s\u00e9culo XX sempre tiveram grande disponibilidade para a ruptura, aceitando a importa\u00e7\u00e3o do internacional como factor diferenciador e testemunha de sucesso na representa\u00e7\u00e3o do seu regresso \u00e0 terra natal. Nas Casas de Brasileiro que constru\u00edram \u2013 n\u00e3o s\u00f3 nas principais cidades e vilas mas tamb\u00e9m nas pequenas povoa\u00e7\u00f5es do espa\u00e7o rural \u2013 adoptaram solu\u00e7\u00f5es inovadoras e requintadas. Muitas vezes, estas obras resultaram da interven\u00e7\u00e3o de projectistas escolhidos pelo seu prest\u00edgio como construtores ou artistas capazes de responder \u00e0s exig\u00eancias de modernidade destes propriet\u00e1rios enriquecidos, conhecedores do conforto oferecido pelo mundo em transforma\u00e7\u00e3o.<\/p>\n<p>Este livro trata destas casas que, dispersas no territ\u00f3rio, se tornaram marcas da variante moderna do romantismo europeu na produ\u00e7\u00e3o arquitect\u00f3nica. Em Portugal, suportadas pelos excedentes de dinheiro vindo do Brasil, ou de \u00c1frica (e raramente da Am\u00e9rica do Norte), e promovidas por clientes dispon\u00edveis e colaborativos, constitu\u00edram oportunidades imensas de trabalho para os arquitectos. A narrativa hist\u00f3rica da arquitectura portuguesa nos alvores da modernidade tamb\u00e9m ter\u00e1 de ser feita para al\u00e9m das grandes cidades, num territ\u00f3rio onde a casa do \u201ctorna-viagem\u201d \u00e9 um elemento fundamental.<\/p>\n<p><strong>Dafne<\/strong><\/p>\n<p>&nbsp;<\/p>\n<p>&nbsp;<\/p>\n","protected":false},"excerpt":{"rendered":"<p><strong>Dafne<\/strong><\/p>\n<hr \/>\n<p>Este livro trata destas casas que, dispersas no territ\u00f3rio, se tornaram marcas da variante moderna do romantismo europeu na produ\u00e7\u00e3o arquitect\u00f3nica. Em Portugal, suportadas pelos excedentes de dinheiro vindo do Brasil, ou de \u00c1frica (e raramente da Am\u00e9rica do Norte), e promovidas por clientes dispon\u00edveis e colaborativos, constitu\u00edram oportunidades imensas de trabalho para os arquitectos. A narrativa hist\u00f3rica da arquitectura portuguesa nos alvores da modernidade tamb\u00e9m ter\u00e1 de ser feita para al\u00e9m das grandes cidades, num territ\u00f3rio onde a casa do \u201ctorna-viagem\u201d \u00e9 um elemento fundamental.<\/p>\n","protected":false},"featured_media":3167,"comment_status":"closed","ping_status":"closed","template":"","meta":[],"product_brand":[],"product_cat":[41],"product_tag":[795,980,1211],"class_list":{"0":"post-3166","1":"product","2":"type-product","3":"status-publish","4":"has-post-thumbnail","6":"product_cat-books","7":"product_tag-casas-de-brasileiro","8":"product_tag-dafne","9":"product_tag-domingos-tavares","10":"product_shipping_class-bookks","11":"pa_artist-domingos-tavares","12":"pa_genre-architecture","13":"pa_label-dafne","15":"first","16":"instock","17":"shipping-taxable","18":"purchasable","19":"product-type-simple"},"_links":{"self":[{"href":"https:\/\/www.wasserbassin.com\/site\/wp-json\/wp\/v2\/product\/3166","targetHints":{"allow":["GET"]}}],"collection":[{"href":"https:\/\/www.wasserbassin.com\/site\/wp-json\/wp\/v2\/product"}],"about":[{"href":"https:\/\/www.wasserbassin.com\/site\/wp-json\/wp\/v2\/types\/product"}],"replies":[{"embeddable":true,"href":"https:\/\/www.wasserbassin.com\/site\/wp-json\/wp\/v2\/comments?post=3166"}],"wp:featuredmedia":[{"embeddable":true,"href":"https:\/\/www.wasserbassin.com\/site\/wp-json\/wp\/v2\/media\/3167"}],"wp:attachment":[{"href":"https:\/\/www.wasserbassin.com\/site\/wp-json\/wp\/v2\/media?parent=3166"}],"wp:term":[{"taxonomy":"product_brand","embeddable":true,"href":"https:\/\/www.wasserbassin.com\/site\/wp-json\/wp\/v2\/product_brand?post=3166"},{"taxonomy":"product_cat","embeddable":true,"href":"https:\/\/www.wasserbassin.com\/site\/wp-json\/wp\/v2\/product_cat?post=3166"},{"taxonomy":"product_tag","embeddable":true,"href":"https:\/\/www.wasserbassin.com\/site\/wp-json\/wp\/v2\/product_tag?post=3166"}],"curies":[{"name":"wp","href":"https:\/\/api.w.org\/{rel}","templated":true}]}}