{"id":4975,"date":"2014-07-03T18:44:37","date_gmt":"2014-07-03T17:44:37","guid":{"rendered":"http:\/\/wasserbassin.com\/site\/?post_type=product&#038;p=4975"},"modified":"2018-05-02T21:47:26","modified_gmt":"2018-05-02T20:47:26","slug":"filho-da-mae-cabeca-cd","status":"publish","type":"product","link":"https:\/\/www.wasserbassin.com\/site\/product\/filho-da-mae-cabeca-cd\/","title":{"rendered":"Filho Da M\u00e3e &#8211; Cabe\u00e7a &#8211; CD"},"content":{"rendered":"<p><strong>Filho Da M\u00e3e<\/strong> is Rui Carvalho&#8217;s solo project. The musician&#8217;s 2nd album <strong>&#8220;Cabe\u00e7a&#8221;<\/strong> is the perfect blend between emotional instrumental music, psychedelic folk and classical guitar playing.\u00a0 A lovely piece of work!<\/p>\n","protected":false},"excerpt":{"rendered":"<p><strong>Lovers &amp; Lollipops<\/strong><\/p>\n<hr \/>\n<p><strong>Filho Da M\u00e3e<\/strong> is Rui Carvalho&#8217;s solo project. The musician&#8217;s 2nd album &#8220;Cabe\u00e7a&#8221; is the perfect blend between emotional instrumental music, psychedelic folk and classical guitar playing.\u00a0 A lovely piece of work!<\/p>\n<p class=\"p1\"><a title=\"See the Video\" href=\"https:\/\/www.youtube.com\/watch?v=kt5irQH8blk\" target=\"_blank\" rel=\"noopener\">\u25ba CLICK HERE TO LISTEN<\/a><\/p>\n","protected":false},"featured_media":2194,"comment_status":"closed","ping_status":"closed","template":"","meta":[],"product_brand":[],"product_cat":[],"product_tag":[319,993,318],"class_list":{"0":"post-4975","1":"product","2":"type-product","3":"status-publish","4":"has-post-thumbnail","6":"product_tag-cabeca","7":"product_tag-filho-da-mae","8":"product_tag-lovers-lollipops","9":"product_shipping_class-cd","10":"pa_artist-filho-da-mae","11":"pa_genre-acoustic","12":"pa_genre-folk","13":"pa_genre-instrumental","14":"pa_label-lovers_lollipops","16":"first","17":"instock","18":"shipping-taxable","19":"purchasable","20":"product-type-simple"},"_links":{"self":[{"href":"https:\/\/www.wasserbassin.com\/site\/wp-json\/wp\/v2\/product\/4975","targetHints":{"allow":["GET"]}}],"collection":[{"href":"https:\/\/www.wasserbassin.com\/site\/wp-json\/wp\/v2\/product"}],"about":[{"href":"https:\/\/www.wasserbassin.com\/site\/wp-json\/wp\/v2\/types\/product"}],"replies":[{"embeddable":true,"href":"https:\/\/www.wasserbassin.com\/site\/wp-json\/wp\/v2\/comments?post=4975"}],"wp:featuredmedia":[{"embeddable":true,"href":"https:\/\/www.wasserbassin.com\/site\/wp-json\/wp\/v2\/media\/2194"}],"wp:attachment":[{"href":"https:\/\/www.wasserbassin.com\/site\/wp-json\/wp\/v2\/media?parent=4975"}],"wp:term":[{"taxonomy":"product_brand","embeddable":true,"href":"https:\/\/www.wasserbassin.com\/site\/wp-json\/wp\/v2\/product_brand?post=4975"},{"taxonomy":"product_cat","embeddable":true,"href":"https:\/\/www.wasserbassin.com\/site\/wp-json\/wp\/v2\/product_cat?post=4975"},{"taxonomy":"product_tag","embeddable":true,"href":"https:\/\/www.wasserbassin.com\/site\/wp-json\/wp\/v2\/product_tag?post=4975"}],"curies":[{"name":"wp","href":"https:\/\/api.w.org\/{rel}","templated":true}]}}