{"id":5300,"date":"2018-03-15T02:05:34","date_gmt":"2018-03-15T02:05:34","guid":{"rendered":"http:\/\/wasserbassin.com\/site\/?post_type=product&#038;p=5300"},"modified":"2018-07-28T20:23:02","modified_gmt":"2018-07-28T19:23:02","slug":"javier-segura-el-sol-desde-oriente-lp","status":"publish","type":"product","link":"https:\/\/www.wasserbassin.com\/site\/product\/javier-segura-el-sol-desde-oriente-lp\/","title":{"rendered":"Javier Segura &#8211; El Sol Desde Oriente &#8211; LP"},"content":{"rendered":"<p>For a good number of Spanish musicians, attracting attention from somewhere outside of Madrid was a mission impossible for several decades. While the Movida Madrile\u00f1a, commonly referred to as the \u201cMadrid scene\u201d in English, stirred things up and made front page news on the basis of new wave music, musicians that were on the fringe or directly beyond it had few platforms from which to be heard.<\/p>\n<p>Although <strong>Javier Segura<\/strong> has been recording music in his studio almost continuously since the 70&#8217;s, his relevance and recognition as a musician has been limited to underground music circles. The fact that he worked outside of the country&#8217;s spotlight of power kept his name relatively unknown for years, something which even the arrival of the internet could not illuminate. Only the appreciation of a few collectors and disc jockeys kept the light on.<\/p>\n<p><strong>Passat Continu<\/strong> delivers here the first ever compilation,<span class=\"bcTruncateMore\">&#8220;<strong>El Sol Desde Oriente<\/strong>&#8220;<\/span>, by the spanish musician <strong>Javier Segura<\/strong> (born 1955), who worked as an isolated cell from his home studio in San Crist\u00f3bal de La Laguna, in the Canary Islands.<\/p>\n<p>Working for decades from the underground, <strong>Segura<\/strong> build up some brilliant ideas producing dozens of richly textured songs, stretching borders on ambient, experimental rock, dreamy folk or concrete music. Using guitars<span class=\"bcTruncateMore\">, rhythm boxes, trumpets, synths or simply pedals, <strong>Segura<\/strong> managed his own career and produced while published a handful of albums by himself: El ser y el tiempo (1976), No mires atr\u00e1s (1983), Nostalgia de lo humano (1986), Lamento bereber (1989), El \u00e1ngel ca\u00eddo vol I, la lluvia azul (2004), Lev\u00e1ntate (2005) and El orden y el caos (2006). He also teamed up with Juan Belda on only impro project Arte Moderno (1981-1982), using the Roland TR-808 rhythm box as a main actor for the first time in the post-Franco\u2019s Spain era.<br \/>\n<\/span><\/p>\n<p><span class=\"bcTruncateMore\">&#8220;<strong>El Sol Desde Oriente<\/strong>&#8221; uses three of that songs and add six more previously unreleased productions from 1980 to 1990, probably his most active period of time.<br \/>\n<\/span><\/p>\n<p><strong>Passat Continu<br \/>\n<\/strong><\/p>\n","protected":false},"excerpt":{"rendered":"<p><strong>Passat Continu<br \/>\n<\/strong><\/p>\n<hr \/>\n<p><strong>Passat Continu<\/strong> delivers here the first ever compilation,<span class=\"bcTruncateMore\">&#8220;<strong>El Sol Desde Oriente<\/strong>&#8220;<\/span>, by the spanish musician <strong>Javier Segura<\/strong> (born 1955), who worked as an isolated cell from his home studio in San Crist\u00f3bal de La Laguna, in the Canary Islands.<\/p>\n<p>Working for decades from the underground, <strong>Segura<\/strong> build up some brilliant ideas producing dozens of richly textured songs, stretching borders on ambient, experimental rock, dreamy folk or concrete music. Using guitars<span class=\"bcTruncateMore\">, rhythm boxes, trumpets, synths or simply pedals, <strong>Segura<\/strong> managed his own career and produced while published a handful of albums by himself: El ser y el tiempo (1976), No mires atr\u00e1s (1983), Nostalgia de lo humano (1986), Lamento bereber (1989), El \u00e1ngel ca\u00eddo vol I, la lluvia azul (2004), Lev\u00e1ntate (2005) and El orden y el caos (2006). He also teamed up with Juan Belda on only impro project Arte Moderno (1981-1982), using the Roland TR-808 rhythm box as a main actor for the first time in the post-Franco\u2019s Spain era.<br \/>\n<\/span><\/p>\n<p><span class=\"bcTruncateMore\">&#8220;<strong>El Sol Desde Oriente<\/strong>&#8221; uses three of that songs and add six more previously unreleased productions from 1980 to 1990, probably his most active period of time. <\/span><\/p>\n<p>&nbsp;<\/p>\n<p><a title=\"See the Video\" href=\"https:\/\/www.youtube.com\/watch?v=KQ_IGuhwAKI\" target=\"_blank\" rel=\"noopener\">\u25ba CLICK HERE TO LISTEN<\/a><\/p>\n<p>&nbsp;<\/p>\n<p>&nbsp;<\/p>\n<p><strong>\u00a0<\/strong><\/p>\n","protected":false},"featured_media":5301,"comment_status":"closed","ping_status":"closed","template":"","meta":[],"product_brand":[],"product_cat":[],"product_tag":[2386,2387],"class_list":{"0":"post-5300","1":"product","2":"type-product","3":"status-publish","4":"has-post-thumbnail","6":"product_tag-javier-segura","7":"product_tag-passat-continu","8":"product_shipping_class-lp","9":"pa_artist-javier-segura","10":"pa_genre-electronics","11":"pa_genre-ethereal","12":"pa_genre-experimental","13":"pa_genre-new_age","14":"pa_label-passat-continu","16":"first","17":"outofstock","18":"shipping-taxable","19":"purchasable","20":"product-type-simple"},"_links":{"self":[{"href":"https:\/\/www.wasserbassin.com\/site\/wp-json\/wp\/v2\/product\/5300","targetHints":{"allow":["GET"]}}],"collection":[{"href":"https:\/\/www.wasserbassin.com\/site\/wp-json\/wp\/v2\/product"}],"about":[{"href":"https:\/\/www.wasserbassin.com\/site\/wp-json\/wp\/v2\/types\/product"}],"replies":[{"embeddable":true,"href":"https:\/\/www.wasserbassin.com\/site\/wp-json\/wp\/v2\/comments?post=5300"}],"wp:featuredmedia":[{"embeddable":true,"href":"https:\/\/www.wasserbassin.com\/site\/wp-json\/wp\/v2\/media\/5301"}],"wp:attachment":[{"href":"https:\/\/www.wasserbassin.com\/site\/wp-json\/wp\/v2\/media?parent=5300"}],"wp:term":[{"taxonomy":"product_brand","embeddable":true,"href":"https:\/\/www.wasserbassin.com\/site\/wp-json\/wp\/v2\/product_brand?post=5300"},{"taxonomy":"product_cat","embeddable":true,"href":"https:\/\/www.wasserbassin.com\/site\/wp-json\/wp\/v2\/product_cat?post=5300"},{"taxonomy":"product_tag","embeddable":true,"href":"https:\/\/www.wasserbassin.com\/site\/wp-json\/wp\/v2\/product_tag?post=5300"}],"curies":[{"name":"wp","href":"https:\/\/api.w.org\/{rel}","templated":true}]}}