{"id":5532,"date":"2018-06-06T16:10:09","date_gmt":"2018-06-06T15:10:09","guid":{"rendered":"http:\/\/wasserbassin.com\/site\/?post_type=product&#038;p=5532"},"modified":"2021-01-05T03:39:59","modified_gmt":"2021-01-05T03:39:59","slug":"candido-lima-grupo-musica-nova-para-alem-das-arvores-musica-e-artes-em-espelho-2cd","status":"publish","type":"product","link":"https:\/\/www.wasserbassin.com\/site\/product\/candido-lima-grupo-musica-nova-para-alem-das-arvores-musica-e-artes-em-espelho-2cd\/","title":{"rendered":"C\u00e2ndido Lima + Grupo M\u00fasica Nova &#8211; Para Al\u00e9m Das \u00c1rvores \/ M\u00fasica E Artes Em Espelho &#8211; 2CD"},"content":{"rendered":"<p>The contemporary ensemble <strong>Grupo M\u00fasica Nova<\/strong> plays several pieces by the charismatic portuguese composer, <strong>C\u00e2ndido Lima<\/strong>.<\/p>\n<p>Released in 2014 by <strong>N\u00famerica<\/strong>, this rare 2CD is, once again, available in our shop, but in very limited quantities<\/p>\n<p>Do not miss it!<\/p>\n<p><strong>Num\u00e9rica<br \/>\n<\/strong><\/p>\n","protected":false},"excerpt":{"rendered":"<p><strong>Num\u00e9rica<br \/>\n<\/strong><\/p>\n<hr \/>\n<p>The contemporary ensemble <strong>Grupo M\u00fasica Nova<\/strong> plays several pieces by the charismatic portuguese composer, <strong>C\u00e2ndido Lima<\/strong>.<\/p>\n<p>Released in 2014 by <strong>N\u00famerica<\/strong>, this rare 2CD is, once again, available in our shop, but in very limited quantities<\/p>\n<p>Do not miss it!<\/p>\n<p>&nbsp;<\/p>\n<p>&nbsp;<\/p>\n<p>&nbsp;<\/p>\n<p>&nbsp;<\/p>\n<p><strong>\u00a0<\/strong><\/p>\n","protected":false},"featured_media":5533,"comment_status":"closed","ping_status":"closed","template":"","meta":[],"product_brand":[],"product_cat":[],"product_tag":[2495,2496,2497],"class_list":{"0":"post-5532","1":"product","2":"type-product","3":"status-publish","4":"has-post-thumbnail","6":"product_tag-candido-lima","7":"product_tag-grupo-nova-musica","8":"product_tag-numerica","9":"product_shipping_class-cd","10":"pa_artist-candido-lima","11":"pa_artist-grupo-nova-musica","12":"pa_genre-concrete","13":"pa_genre-contemporary","14":"pa_genre-experimental","15":"pa_label-numerica-2","17":"first","18":"outofstock","19":"shipping-taxable","20":"purchasable","21":"product-type-simple"},"_links":{"self":[{"href":"https:\/\/www.wasserbassin.com\/site\/wp-json\/wp\/v2\/product\/5532","targetHints":{"allow":["GET"]}}],"collection":[{"href":"https:\/\/www.wasserbassin.com\/site\/wp-json\/wp\/v2\/product"}],"about":[{"href":"https:\/\/www.wasserbassin.com\/site\/wp-json\/wp\/v2\/types\/product"}],"replies":[{"embeddable":true,"href":"https:\/\/www.wasserbassin.com\/site\/wp-json\/wp\/v2\/comments?post=5532"}],"wp:featuredmedia":[{"embeddable":true,"href":"https:\/\/www.wasserbassin.com\/site\/wp-json\/wp\/v2\/media\/5533"}],"wp:attachment":[{"href":"https:\/\/www.wasserbassin.com\/site\/wp-json\/wp\/v2\/media?parent=5532"}],"wp:term":[{"taxonomy":"product_brand","embeddable":true,"href":"https:\/\/www.wasserbassin.com\/site\/wp-json\/wp\/v2\/product_brand?post=5532"},{"taxonomy":"product_cat","embeddable":true,"href":"https:\/\/www.wasserbassin.com\/site\/wp-json\/wp\/v2\/product_cat?post=5532"},{"taxonomy":"product_tag","embeddable":true,"href":"https:\/\/www.wasserbassin.com\/site\/wp-json\/wp\/v2\/product_tag?post=5532"}],"curies":[{"name":"wp","href":"https:\/\/api.w.org\/{rel}","templated":true}]}}