{"id":5727,"date":"2018-09-26T22:39:49","date_gmt":"2018-09-26T21:39:49","guid":{"rendered":"http:\/\/wasserbassin.com\/site\/?post_type=product&#038;p=5727"},"modified":"2026-02-01T22:53:42","modified_gmt":"2026-02-01T22:53:42","slug":"joana-gama-satie-150-cd","status":"publish","type":"product","link":"https:\/\/www.wasserbassin.com\/site\/product\/joana-gama-satie-150-cd\/","title":{"rendered":"Joana Gama &#8211; Satie.150 &#8211; CD"},"content":{"rendered":"<p>Em 2016, com o apoio da Antena 2, <strong>Joana Gama<\/strong> dedicou-se a &#8220;<strong>Satie.150<\/strong>&#8221; &#8211; Uma celebra\u00e7\u00e3o em forma de guarda-chuva, que assinalou, em Portugal, os 150 anos do nascimento do compositor franc\u00eas <strong>Erik Satie<\/strong> (1866 &#8211; 1925). O que come\u00e7ou por ser uma digress\u00e3o de 12 concertos &#8211; 1 por m\u00eas &#8211; em 12 localidades portuguesas, acabou por ganhar uma maior propor\u00e7\u00e3o. Neste \u00e2mbito, para al\u00e9m dos recitais, realizou palestras em escolas e coordenou o livro \u201cEmbryons dessech\u00e9s | Embri\u00f5es ressequidos\u201d, uma edi\u00e7\u00e3o especial da partitura hom\u00f3nima de <strong>Satie<\/strong>, lan\u00e7ada pela <strong>Pianola Editores<\/strong> no dia do anivers\u00e1rio do compositor.<\/p>\n<p><strong>Pianola Editores<br \/>\n<\/strong><\/p>\n","protected":false},"excerpt":{"rendered":"<p><strong>Pianola Editores<br \/>\n<\/strong><\/p>\n<hr \/>\n<p>Em 2016, com o apoio da Antena 2, <strong>Joana Gama<\/strong> dedicou-se a &#8220;<strong>Satie.150<\/strong>&#8221; &#8211; Uma celebra\u00e7\u00e3o em forma de guarda-chuva, que assinalou, em Portugal, os 150 anos do nascimento do compositor franc\u00eas <strong>Erik Satie<\/strong> (1866 &#8211; 1925). O que come\u00e7ou por ser uma digress\u00e3o de 12 concertos &#8211; 1 por m\u00eas &#8211; em 12 localidades portuguesas, acabou por ganhar uma maior propor\u00e7\u00e3o. Neste \u00e2mbito, para al\u00e9m dos recitais, realizou palestras em escolas e coordenou o livro \u201cEmbryons dessech\u00e9s | Embri\u00f5es ressequidos\u201d, uma edi\u00e7\u00e3o especial da partitura hom\u00f3nima de <strong>Satie<\/strong>, lan\u00e7ada pela <strong>Pianola Editores<\/strong> no dia do anivers\u00e1rio do compositor.<\/p>\n<p><a title=\"See the Video\" href=\"https:\/\/www.youtube.com\/watch?v=cEPMU4TxwXI\" target=\"_blank\" rel=\"noopener noreferrer\">\u25ba CLICK HERE TO LISTEN<\/a><\/p>\n","protected":false},"featured_media":5728,"comment_status":"closed","ping_status":"closed","template":"","meta":[],"product_brand":[],"product_cat":[],"product_tag":[2468,2583],"class_list":{"0":"post-5727","1":"product","2":"type-product","3":"status-publish","4":"has-post-thumbnail","6":"product_tag-joana-gama","7":"product_tag-pianola-editores","8":"product_shipping_class-cd","9":"pa_artist-joana-gama","10":"pa_genre-classical","11":"pa_label-pianola-editores","13":"first","14":"outofstock","15":"shipping-taxable","16":"purchasable","17":"product-type-simple"},"_links":{"self":[{"href":"https:\/\/www.wasserbassin.com\/site\/wp-json\/wp\/v2\/product\/5727","targetHints":{"allow":["GET"]}}],"collection":[{"href":"https:\/\/www.wasserbassin.com\/site\/wp-json\/wp\/v2\/product"}],"about":[{"href":"https:\/\/www.wasserbassin.com\/site\/wp-json\/wp\/v2\/types\/product"}],"replies":[{"embeddable":true,"href":"https:\/\/www.wasserbassin.com\/site\/wp-json\/wp\/v2\/comments?post=5727"}],"wp:featuredmedia":[{"embeddable":true,"href":"https:\/\/www.wasserbassin.com\/site\/wp-json\/wp\/v2\/media\/5728"}],"wp:attachment":[{"href":"https:\/\/www.wasserbassin.com\/site\/wp-json\/wp\/v2\/media?parent=5727"}],"wp:term":[{"taxonomy":"product_brand","embeddable":true,"href":"https:\/\/www.wasserbassin.com\/site\/wp-json\/wp\/v2\/product_brand?post=5727"},{"taxonomy":"product_cat","embeddable":true,"href":"https:\/\/www.wasserbassin.com\/site\/wp-json\/wp\/v2\/product_cat?post=5727"},{"taxonomy":"product_tag","embeddable":true,"href":"https:\/\/www.wasserbassin.com\/site\/wp-json\/wp\/v2\/product_tag?post=5727"}],"curies":[{"name":"wp","href":"https:\/\/api.w.org\/{rel}","templated":true}]}}