{"id":5897,"date":"2018-08-09T12:54:34","date_gmt":"2018-08-09T11:54:34","guid":{"rendered":"http:\/\/wasserbassin.com\/site\/?post_type=product&#038;p=5897"},"modified":"2026-03-31T18:21:07","modified_gmt":"2026-03-31T17:21:07","slug":"filho-da-mae-agua-ma-lp","status":"publish","type":"product","link":"https:\/\/www.wasserbassin.com\/site\/product\/filho-da-mae-agua-ma-lp\/","title":{"rendered":"Filho Da M\u00e3e &#8211; \u00c1gua-M\u00e1 &#8211; LP"},"content":{"rendered":"<p><strong>&#8220;\u00c1gua-M\u00e1&#8221;<\/strong> is<strong> Filho da M\u00e3e<\/strong>&#8216;s new endeavor, via<strong> Lovers &amp; Lollypops<\/strong>, was recorded by Hugo Valverde at Diogo Freitas house in Funchal &#8211; Madeira island. With the help and production of Barreirinha Bar Caf\u00e9 and ALESTE festival and with the support of Teatro Maria Matos\/EGEAC.<\/p>\n<p><strong>Lovers &amp; Lollypops<\/strong><\/p>\n","protected":false},"excerpt":{"rendered":"<p><strong>Lovers &amp; Lollypops<\/strong><\/p>\n<hr \/>\n<p><strong>&#8220;\u00c1gua-M\u00e1&#8221;<\/strong> is<strong> Filho da M\u00e3e<\/strong>&#8216;s new endeavor, via<strong> Lovers &amp; Lollypops<\/strong>, was recorded by Hugo Valverde at Diogo Freitas house in Funchal &#8211; Madeira island. With the help and production of Barreirinha Bar Caf\u00e9 and ALESTE festival and with the support of Teatro Maria Matos\/EGEAC.<\/p>\n<p class=\"p1\"><a title=\"See the Video\" href=\"https:\/\/www.youtube.com\/watch?v=-YPRDPyjNxA\" target=\"_blank\" rel=\"noopener noreferrer\">\u25ba CLICK HERE TO LISTEN<\/a><\/p>\n","protected":false},"featured_media":5669,"comment_status":"closed","ping_status":"closed","template":"","meta":[],"product_brand":[],"product_cat":[],"product_tag":[2547,993,1208],"class_list":{"0":"post-5897","1":"product","2":"type-product","3":"status-publish","4":"has-post-thumbnail","6":"product_tag-agua-ma","7":"product_tag-filho-da-mae","8":"product_tag-lovers-lollypops","9":"product_shipping_class-lp","10":"pa_artist-filho-da-mae","11":"pa_genre-acoustic","12":"pa_genre-electronics","13":"pa_genre-folk","14":"pa_genre-instrumental","15":"pa_label-lovers-lollypops","17":"first","18":"instock","19":"shipping-taxable","20":"purchasable","21":"product-type-simple"},"_links":{"self":[{"href":"https:\/\/www.wasserbassin.com\/site\/wp-json\/wp\/v2\/product\/5897","targetHints":{"allow":["GET"]}}],"collection":[{"href":"https:\/\/www.wasserbassin.com\/site\/wp-json\/wp\/v2\/product"}],"about":[{"href":"https:\/\/www.wasserbassin.com\/site\/wp-json\/wp\/v2\/types\/product"}],"replies":[{"embeddable":true,"href":"https:\/\/www.wasserbassin.com\/site\/wp-json\/wp\/v2\/comments?post=5897"}],"wp:featuredmedia":[{"embeddable":true,"href":"https:\/\/www.wasserbassin.com\/site\/wp-json\/wp\/v2\/media\/5669"}],"wp:attachment":[{"href":"https:\/\/www.wasserbassin.com\/site\/wp-json\/wp\/v2\/media?parent=5897"}],"wp:term":[{"taxonomy":"product_brand","embeddable":true,"href":"https:\/\/www.wasserbassin.com\/site\/wp-json\/wp\/v2\/product_brand?post=5897"},{"taxonomy":"product_cat","embeddable":true,"href":"https:\/\/www.wasserbassin.com\/site\/wp-json\/wp\/v2\/product_cat?post=5897"},{"taxonomy":"product_tag","embeddable":true,"href":"https:\/\/www.wasserbassin.com\/site\/wp-json\/wp\/v2\/product_tag?post=5897"}],"curies":[{"name":"wp","href":"https:\/\/api.w.org\/{rel}","templated":true}]}}