{"id":5957,"date":"2018-12-20T00:03:58","date_gmt":"2018-12-20T00:03:58","guid":{"rendered":"http:\/\/wasserbassin.com\/site\/?post_type=product&#038;p=5957"},"modified":"2018-12-18T18:52:29","modified_gmt":"2018-12-18T18:52:29","slug":"valter-vinagre-sob-o-signo-da-lua-livro-book","status":"publish","type":"product","link":"https:\/\/www.wasserbassin.com\/site\/product\/valter-vinagre-sob-o-signo-da-lua-livro-book\/","title":{"rendered":"Valter Vinagre &#8211; Sob O Signo Da Lua &#8211; Livro (Book)"},"content":{"rendered":"<p>De dois em dois anos, no calor do Ver\u00e3o, rumam \u00e0 raia milhares de pessoas de todos os pa\u00edses e culturas. Juntam-se no Boom Festival, com uma sensualidade psicad\u00e9lica ao som da m\u00fasica <em>trance<\/em>. <strong>Valter Vinagre<\/strong> acompanhou esses encontros m\u00e1gicos, retratando o lugar e os seus habitantes, as suas constru\u00e7\u00f5es, desejos e sonhos. Este livro fixa a convuls\u00e3o desses momentos numa ordem poss\u00edvel, propondo a redescoberta dos olhares e dos corpos num outro espa\u00e7o e tempo. Os textos de Ant\u00f3nio Guerreiro e Joaquim Moreno descodificam as imagens e a organiza\u00e7\u00e3o herm\u00e9tica do livro, oferecendo a quem os l\u00ea alguns fios para se perderem e encontrarem nos labirintos da imagina\u00e7\u00e3o.<\/p>\n<p><strong>Dafne<\/strong><\/p>\n<p>&nbsp;<\/p>\n<p>&nbsp;<\/p>\n","protected":false},"excerpt":{"rendered":"<p><strong>Dafne<\/strong><\/p>\n<hr \/>\n<p>De dois em dois anos, no calor do Ver\u00e3o, rumam \u00e0 raia milhares de pessoas de todos os pa\u00edses e culturas. Juntam-se no Boom Festival, com uma sensualidade psicad\u00e9lica ao som da m\u00fasica <em>trance<\/em>. <strong>Valter Vinagre<\/strong> acompanhou esses encontros m\u00e1gicos, retratando o lugar e os seus habitantes, as suas constru\u00e7\u00f5es, desejos e sonhos. Este livro fixa a convuls\u00e3o desses momentos numa ordem poss\u00edvel, propondo a redescoberta dos olhares e dos corpos num outro espa\u00e7o e tempo. Os textos de Ant\u00f3nio Guerreiro e Joaquim Moreno descodificam as imagens e a organiza\u00e7\u00e3o herm\u00e9tica do livro, oferecendo a quem os l\u00ea alguns fios para se perderem e encontrarem nos labirintos da imagina\u00e7\u00e3o.<\/p>\n<p>&nbsp;<\/p>\n<p>&nbsp;<\/p>\n","protected":false},"featured_media":5958,"comment_status":"closed","ping_status":"closed","template":"","meta":[],"product_brand":[],"product_cat":[41],"product_tag":[980,2694],"class_list":{"0":"post-5957","1":"product","2":"type-product","3":"status-publish","4":"has-post-thumbnail","6":"product_cat-books","7":"product_tag-dafne","8":"product_tag-valter-vinagre","9":"product_shipping_class-bookks","10":"pa_artist-valter-vinagre","11":"pa_genre-architecture","12":"pa_label-dafne","14":"first","15":"instock","16":"shipping-taxable","17":"purchasable","18":"product-type-simple"},"_links":{"self":[{"href":"https:\/\/www.wasserbassin.com\/site\/wp-json\/wp\/v2\/product\/5957","targetHints":{"allow":["GET"]}}],"collection":[{"href":"https:\/\/www.wasserbassin.com\/site\/wp-json\/wp\/v2\/product"}],"about":[{"href":"https:\/\/www.wasserbassin.com\/site\/wp-json\/wp\/v2\/types\/product"}],"replies":[{"embeddable":true,"href":"https:\/\/www.wasserbassin.com\/site\/wp-json\/wp\/v2\/comments?post=5957"}],"wp:featuredmedia":[{"embeddable":true,"href":"https:\/\/www.wasserbassin.com\/site\/wp-json\/wp\/v2\/media\/5958"}],"wp:attachment":[{"href":"https:\/\/www.wasserbassin.com\/site\/wp-json\/wp\/v2\/media?parent=5957"}],"wp:term":[{"taxonomy":"product_brand","embeddable":true,"href":"https:\/\/www.wasserbassin.com\/site\/wp-json\/wp\/v2\/product_brand?post=5957"},{"taxonomy":"product_cat","embeddable":true,"href":"https:\/\/www.wasserbassin.com\/site\/wp-json\/wp\/v2\/product_cat?post=5957"},{"taxonomy":"product_tag","embeddable":true,"href":"https:\/\/www.wasserbassin.com\/site\/wp-json\/wp\/v2\/product_tag?post=5957"}],"curies":[{"name":"wp","href":"https:\/\/api.w.org\/{rel}","templated":true}]}}