{"id":6183,"date":"2019-04-02T15:58:16","date_gmt":"2019-04-02T14:58:16","guid":{"rendered":"http:\/\/wasserbassin.com\/site\/?post_type=product&#038;p=6183"},"modified":"2020-12-22T18:52:30","modified_gmt":"2020-12-22T18:52:30","slug":"africa-negra-alia-cu-omali-lp","status":"publish","type":"product","link":"https:\/\/www.wasserbassin.com\/site\/product\/africa-negra-alia-cu-omali-lp\/","title":{"rendered":"\u00c1frica Negra &#8211; Alia Cu Omal\u00ed &#8211; LP"},"content":{"rendered":"<p><strong>Mar &amp; Sol<\/strong> presents the new album of the legendary band <strong>\u00c1frica Negra<\/strong>,&#8221;<strong>Alia Cu Omali<\/strong>&#8220;.<br \/>\nNew songs and some popular classics recorded between Lisbon and S.Tom\u00e9.<\/p>\n<p>This album it&#8217;s a reflection of the old rumba and soukous music that this epic band of S\u00e3o Tom\u00e9 e Pr\u00edncipe got us used to. They are an icon and one of the main bands of this island, representing in their music the authenticity and culture<span class=\"bcTruncateMore\"> of the former Portuguese colony on the equatorial meridian.<br \/>\nIt is our mission to expand this culture and here it is the testimony in our series of Luso Afro music which could best represent S\u00e3o Tom\u00e9.<\/span><\/p>\n<p><strong>Mar &amp; Sol<\/strong><\/p>\n<p><strong>\u00a0<\/strong><\/p>\n","protected":false},"excerpt":{"rendered":"<p><strong>Mar &amp; Sol<br \/>\n<\/strong><\/p>\n<hr \/>\n<p><strong>Mar &amp; Sol<\/strong> presents the new album of the legendary band <strong>\u00c1frica Negra<\/strong>,&#8221;<strong>Alia Cu Omali<\/strong>&#8220;.<br \/>\nNew songs and some popular classics recorded between Lisbon and S.Tom\u00e9.<\/p>\n<p>This album it&#8217;s a reflection of the old rumba and soukous music that this epic band of S\u00e3o Tom\u00e9 e Pr\u00edncipe got us used to. They are an icon and one of the main bands of this island, representing in their music the authenticity and culture<span class=\"bcTruncateMore\"> of the former Portuguese colony on the equatorial meridian.<br \/>\nIt is our mission to expand this culture and here it is the testimony in our series of Luso Afro music which could best represent S\u00e3o Tom\u00e9.<\/span><\/p>\n<p><a title=\"See the Video\" href=\"https:\/\/www.youtube.com\/watch?v=HhNcYUHem-0\" target=\"_blank\" rel=\"noopener noreferrer\">\u25ba CLICK HERE TO LISTEN<\/a><\/p>\n<p>&nbsp;<\/p>\n<p>&nbsp;<\/p>\n<p><strong>\u00a0<\/strong><\/p>\n","protected":false},"featured_media":6182,"comment_status":"closed","ping_status":"closed","template":"","meta":[],"product_brand":[],"product_cat":[],"product_tag":[2814,2815,2406],"class_list":{"0":"post-6183","1":"product","2":"type-product","3":"status-publish","4":"has-post-thumbnail","6":"product_tag-africa-negra","7":"product_tag-alia-cu-omali","8":"product_tag-mar-sol","9":"product_shipping_class-lp","10":"pa_artist-africa-negra","11":"pa_genre-coladera","12":"pa_genre-funana","13":"pa_genre-merengue","14":"pa_label-mar-sol","16":"first","17":"outofstock","18":"shipping-taxable","19":"purchasable","20":"product-type-simple"},"_links":{"self":[{"href":"https:\/\/www.wasserbassin.com\/site\/wp-json\/wp\/v2\/product\/6183","targetHints":{"allow":["GET"]}}],"collection":[{"href":"https:\/\/www.wasserbassin.com\/site\/wp-json\/wp\/v2\/product"}],"about":[{"href":"https:\/\/www.wasserbassin.com\/site\/wp-json\/wp\/v2\/types\/product"}],"replies":[{"embeddable":true,"href":"https:\/\/www.wasserbassin.com\/site\/wp-json\/wp\/v2\/comments?post=6183"}],"wp:featuredmedia":[{"embeddable":true,"href":"https:\/\/www.wasserbassin.com\/site\/wp-json\/wp\/v2\/media\/6182"}],"wp:attachment":[{"href":"https:\/\/www.wasserbassin.com\/site\/wp-json\/wp\/v2\/media?parent=6183"}],"wp:term":[{"taxonomy":"product_brand","embeddable":true,"href":"https:\/\/www.wasserbassin.com\/site\/wp-json\/wp\/v2\/product_brand?post=6183"},{"taxonomy":"product_cat","embeddable":true,"href":"https:\/\/www.wasserbassin.com\/site\/wp-json\/wp\/v2\/product_cat?post=6183"},{"taxonomy":"product_tag","embeddable":true,"href":"https:\/\/www.wasserbassin.com\/site\/wp-json\/wp\/v2\/product_tag?post=6183"}],"curies":[{"name":"wp","href":"https:\/\/api.w.org\/{rel}","templated":true}]}}