{"id":6205,"date":"2019-04-10T18:45:44","date_gmt":"2019-04-10T17:45:44","guid":{"rendered":"http:\/\/wasserbassin.com\/site\/?post_type=product&#038;p=6205"},"modified":"2019-11-21T00:39:02","modified_gmt":"2019-11-21T00:39:02","slug":"nu-no-pneuma-cdr","status":"publish","type":"product","link":"https:\/\/www.wasserbassin.com\/site\/product\/nu-no-pneuma-cdr\/","title":{"rendered":"Nu No &#8211; Pneuma &#8211; CDr"},"content":{"rendered":"<p>This sonic peace is centered on the mouth as an organ cavity and on the tongue as a linguistic device.<br \/>\nBy giving emphasis to pre-verbal forms of language, its functional and utilitarian logic is subverted.<\/p>\n<p>All songs composed by Nuno Marques Pinto (<strong>Nu No<\/strong>). The lyrics &#8220;H\u00earnani co\u00e7ou a cabe\u00e7a e fez uma feridinha&#8221; &amp; &#8220;Admitindo&#8221;by Alberto Pimenta. &#8220;Fl\u00f4r de Jupiter&#8221; by Silvestre Pestana.<\/p>\n<p class=\"p1\"><strong>Edi\u00e7\u00f5es Amateur<br \/>\n<\/strong><\/p>\n","protected":false},"excerpt":{"rendered":"<p class=\"p1\"><strong>Edi\u00e7\u00f5es Amateur <\/strong><\/p>\n<hr \/>\n<p>This sonic peace is centered on the mouth as an organ cavity and on the tongue as a linguistic device.<br \/>\nBy giving emphasis to pre-verbal forms of language, its functional and utilitarian logic is subverted.<\/p>\n<p>All songs composed by Nuno Marques Pinto (<strong>Nu No<\/strong>). The lyrics &#8220;H\u00earnani co\u00e7ou a cabe\u00e7a e fez uma feridinha&#8221; &amp; &#8220;Admitindo&#8221;by Alberto Pimenta. &#8220;Fl\u00f4r de Jupiter&#8221; by Silvestre Pestana.<\/p>\n<p class=\"p1\"><a title=\"See the Video\" href=\"https:\/\/www.youtube.com\/watch?v=IpTMKQAURyI\" target=\"_blank\" rel=\"noopener noreferrer\">\u25ba CLICK HERE TO LISTEN<\/a><\/p>\n","protected":false},"featured_media":6206,"comment_status":"closed","ping_status":"closed","template":"","meta":[],"product_brand":[],"product_cat":[],"product_tag":[2830,2768],"class_list":{"0":"post-6205","1":"product","2":"type-product","3":"status-publish","4":"has-post-thumbnail","6":"product_tag-edicoes-amateur","7":"product_tag-nu-no","8":"product_shipping_class-cd","9":"pa_artist-nu-no","10":"pa_genre-abstract","11":"pa_genre-experimental","12":"pa_genre-sound-art","13":"pa_genre-spoken-word","14":"pa_label-edicoes-amateur","16":"first","17":"outofstock","18":"shipping-taxable","19":"purchasable","20":"product-type-simple"},"_links":{"self":[{"href":"https:\/\/www.wasserbassin.com\/site\/wp-json\/wp\/v2\/product\/6205","targetHints":{"allow":["GET"]}}],"collection":[{"href":"https:\/\/www.wasserbassin.com\/site\/wp-json\/wp\/v2\/product"}],"about":[{"href":"https:\/\/www.wasserbassin.com\/site\/wp-json\/wp\/v2\/types\/product"}],"replies":[{"embeddable":true,"href":"https:\/\/www.wasserbassin.com\/site\/wp-json\/wp\/v2\/comments?post=6205"}],"wp:featuredmedia":[{"embeddable":true,"href":"https:\/\/www.wasserbassin.com\/site\/wp-json\/wp\/v2\/media\/6206"}],"wp:attachment":[{"href":"https:\/\/www.wasserbassin.com\/site\/wp-json\/wp\/v2\/media?parent=6205"}],"wp:term":[{"taxonomy":"product_brand","embeddable":true,"href":"https:\/\/www.wasserbassin.com\/site\/wp-json\/wp\/v2\/product_brand?post=6205"},{"taxonomy":"product_cat","embeddable":true,"href":"https:\/\/www.wasserbassin.com\/site\/wp-json\/wp\/v2\/product_cat?post=6205"},{"taxonomy":"product_tag","embeddable":true,"href":"https:\/\/www.wasserbassin.com\/site\/wp-json\/wp\/v2\/product_tag?post=6205"}],"curies":[{"name":"wp","href":"https:\/\/api.w.org\/{rel}","templated":true}]}}