{"id":6712,"date":"2019-06-18T19:18:47","date_gmt":"2019-06-18T18:18:47","guid":{"rendered":"http:\/\/wasserbassin.com\/site\/?post_type=product&#038;p=6712"},"modified":"2019-06-18T19:48:12","modified_gmt":"2019-06-18T18:48:12","slug":"sa-bernardo-cp0-k7-2","status":"publish","type":"product","link":"https:\/\/www.wasserbassin.com\/site\/product\/sa-bernardo-cp0-k7-2\/","title":{"rendered":"S\u00e3 Bernardo &#8211; Cp0 &#8211; K7"},"content":{"rendered":"<p><strong>S\u00e3 Bernardo &#8211; Cp0<\/strong><\/p>\n<p>A1 | Chrstnsn&#8217;s ithme<br \/>\nRecorded in Igreja de S\u00e3o Vicente (30.1.2018) by Nossa Senhora<\/p>\n<p>B1 | Rfmn&#8217; 2nd tune<br \/>\nRecorded in ZDB (23.5.2017) by Cristiano Nunes<\/p>\n<p>B2 | Hldrgd&#8217; canticle<br \/>\nRecorded in Estrela Decadente (3.8.2017) by Mestre Andr\u00e9<\/p>\n<p>Bernardo \u00c1lvares \u2013 doublebass, amplifier<\/p>\n<p>Mixed and mastered by Mestre Andr\u00e9<br \/>\nArtwork and photos by LILI FERR<br \/>\nDesign by Andr\u00e9 Trindade and Filipa Cordeiro<\/p>\n<p>Thanks to: Colec\u00e7\u00e3o B, ZDB, Real Urinol, Raphael Soares, Diogo Rodrigues, Cristiano Nunes, Liliana Ferreira, Mestre Andr\u00e9, Andr\u00e9 Trindade and Filipa Cordeiro.<\/p>\n<p><strong><span class=\"title\">Urubu Tapes<\/span><br \/>\n<\/strong><\/p>\n","protected":false},"excerpt":{"rendered":"<p class=\"p1\"><strong><strong><span class=\"title\">Urubu Tapes<\/span><br \/>\n<\/strong><\/strong><\/p>\n<hr \/>\n<p><strong>S\u00e3 Bernardo &#8211; Cp0<\/strong><\/p>\n<p>A1 | Chrstnsn&#8217;s ithme<br \/>\nRecorded in Igreja de S\u00e3o Vicente (30.1.2018) by Nossa Senhora<\/p>\n<p>B1 | Rfmn&#8217; 2nd tune<br \/>\nRecorded in ZDB (23.5.2017) by Cristiano Nunes<\/p>\n<p>B2 | Hldrgd&#8217; canticle<br \/>\nRecorded in Estrela Decadente (3.8.2017) by Mestre Andr\u00e9<\/p>\n<p>Bernardo \u00c1lvares \u2013 doublebass, amplifier<\/p>\n<p>Mixed and mastered by Mestre Andr\u00e9<br \/>\nArtwork and photos by LILI FERR<br \/>\nDesign by Andr\u00e9 Trindade and Filipa Cordeiro<\/p>\n<p>Thanks to: Colec\u00e7\u00e3o B, ZDB, Real Urinol, Raphael Soares, Diogo Rodrigues, Cristiano Nunes, Liliana Ferreira, Mestre Andr\u00e9, Andr\u00e9 Trindade and Filipa Cordeiro.<\/p>\n<p><a href=\"https:\/\/urubutapes.bandcamp.com\/album\/cp0\" target=\"_blank\" rel=\"noopener noreferrer\">\u25ba CLICK HERE TO LISTEN<\/a><\/p>\n<p class=\"p1\"><strong>\u00a0<\/strong><\/p>\n","protected":false},"featured_media":6707,"comment_status":"closed","ping_status":"closed","template":"","meta":[],"product_brand":[],"product_cat":[],"product_tag":[2939,1623],"class_list":{"0":"post-6712","1":"product","2":"type-product","3":"status-publish","4":"has-post-thumbnail","6":"product_tag-sa-bernardo","7":"product_tag-urubu-tapes","8":"product_shipping_class-cd","9":"pa_artist-sa-bernardo","10":"pa_genre-electronics","11":"pa_genre-experimental","12":"pa_label-urubu-tapes","14":"first","15":"instock","16":"shipping-taxable","17":"purchasable","18":"product-type-simple"},"_links":{"self":[{"href":"https:\/\/www.wasserbassin.com\/site\/wp-json\/wp\/v2\/product\/6712","targetHints":{"allow":["GET"]}}],"collection":[{"href":"https:\/\/www.wasserbassin.com\/site\/wp-json\/wp\/v2\/product"}],"about":[{"href":"https:\/\/www.wasserbassin.com\/site\/wp-json\/wp\/v2\/types\/product"}],"replies":[{"embeddable":true,"href":"https:\/\/www.wasserbassin.com\/site\/wp-json\/wp\/v2\/comments?post=6712"}],"wp:featuredmedia":[{"embeddable":true,"href":"https:\/\/www.wasserbassin.com\/site\/wp-json\/wp\/v2\/media\/6707"}],"wp:attachment":[{"href":"https:\/\/www.wasserbassin.com\/site\/wp-json\/wp\/v2\/media?parent=6712"}],"wp:term":[{"taxonomy":"product_brand","embeddable":true,"href":"https:\/\/www.wasserbassin.com\/site\/wp-json\/wp\/v2\/product_brand?post=6712"},{"taxonomy":"product_cat","embeddable":true,"href":"https:\/\/www.wasserbassin.com\/site\/wp-json\/wp\/v2\/product_cat?post=6712"},{"taxonomy":"product_tag","embeddable":true,"href":"https:\/\/www.wasserbassin.com\/site\/wp-json\/wp\/v2\/product_tag?post=6712"}],"curies":[{"name":"wp","href":"https:\/\/api.w.org\/{rel}","templated":true}]}}